Last updated on 2025-10-26 00:48:43 CEST.
| Flavor | Version | Tinstall | Tcheck | Ttotal | Status | Flags | 
|---|---|---|---|---|---|---|
| r-devel-linux-x86_64-debian-clang | 0.1-4 | 11.35 | 72.18 | 83.53 | NOTE | |
| r-devel-linux-x86_64-debian-gcc | 0.1-4 | 8.06 | 52.72 | 60.78 | NOTE | |
| r-devel-linux-x86_64-fedora-clang | 0.1-4 | 12.00 | 75.86 | 87.86 | OK | |
| r-devel-linux-x86_64-fedora-gcc | 0.1-4 | 24.00 | 106.09 | 130.09 | OK | |
| r-devel-windows-x86_64 | 0.1-4 | 23.00 | 105.00 | 128.00 | OK | |
| r-patched-linux-x86_64 | 0.1-4 | 11.17 | 69.92 | 81.09 | OK | |
| r-release-linux-x86_64 | 0.1-4 | 8.86 | 68.79 | 77.65 | OK | |
| r-release-macos-arm64 | 0.1-4 | 9.00 | 41.00 | 50.00 | OK | |
| r-release-macos-x86_64 | 0.1-4 | 13.00 | 76.00 | 89.00 | OK | |
| r-release-windows-x86_64 | 0.1-4 | 24.00 | 109.00 | 133.00 | OK | |
| r-oldrel-macos-arm64 | 0.1-4 | 8.00 | 37.00 | 45.00 | NOTE | |
| r-oldrel-macos-x86_64 | 0.1-4 | 10.00 | 57.00 | 67.00 | NOTE | |
| r-oldrel-windows-x86_64 | 0.1-4 | 30.00 | 118.00 | 148.00 | OK | 
Version: 0.1-4
Check: CRAN incoming feasibility
Result: NOTE
  Maintainer: ‘Wei-Chen Chen <wccsnow@gmail.com>’
  
  Package CITATION file contains call(s) to old-style personList() or
  as.personList().  Please use c() on person objects instead.
  Package CITATION file contains call(s) to old-style citEntry().  Please
  use bibentry() instead.
Flavors: r-devel-linux-x86_64-debian-clang, r-devel-linux-x86_64-debian-gcc
Version: 0.1-4
Check: package dependencies
Result: NOTE
  Package which this enhances but not available for checking: ‘pbdMPI’
Flavors: r-oldrel-macos-arm64, r-oldrel-macos-x86_64