Last updated on 2025-10-26 00:48:43 CEST.
| Flavor | Version | Tinstall | Tcheck | Ttotal | Status | Flags |
|---|---|---|---|---|---|---|
| r-devel-linux-x86_64-debian-clang | 0.9.2 | 37.08 | 25.02 | 62.10 | WARN | |
| r-devel-linux-x86_64-debian-gcc | 0.9.3 | 22.18 | 20.30 | 42.48 | OK | |
| r-devel-linux-x86_64-fedora-clang | 0.9.2 | 115.00 | 1.23 | 116.23 | NOTE | |
| r-devel-linux-x86_64-fedora-gcc | 0.9.3 | 247.00 | -134.92 | 112.08 | OK | |
| r-devel-windows-x86_64 | 0.9.2 | 43.00 | 66.00 | 109.00 | NOTE | |
| r-patched-linux-x86_64 | 0.9.2 | 34.20 | 23.87 | 58.07 | NOTE | |
| r-release-linux-x86_64 | 0.9.3 | 36.73 | 23.97 | 60.70 | OK | |
| r-release-macos-arm64 | 0.9.3 | 18.00 | 45.00 | 63.00 | OK | |
| r-release-macos-x86_64 | 0.9.3 | 50.00 | 103.00 | 153.00 | OK | |
| r-release-windows-x86_64 | 0.9.2 | 43.00 | 62.00 | 105.00 | NOTE | |
| r-oldrel-macos-arm64 | 0.9.3 | 19.00 | 34.00 | 53.00 | OK | |
| r-oldrel-macos-x86_64 | 0.9.3 | 44.00 | 82.00 | 126.00 | OK | |
| r-oldrel-windows-x86_64 | 0.9.2 | 50.00 | 75.00 | 125.00 | NOTE |
Version: 0.9.2
Check: CRAN incoming feasibility
Result: NOTE
Maintainer: ‘Oğuzhan Öğreden <oguzhan@oguzhanogreden.com>’
No Authors@R field in DESCRIPTION.
Please add one, modifying
Authors@R: person(given = "Oğuzhan",
family = "Öğreden",
role = c("aut", "cre"),
email = "oguzhan@oguzhanogreden.com")
as necessary.
Flavor: r-devel-linux-x86_64-debian-clang
Version: 0.9.2
Check: whether package can be installed
Result: WARN
Found the following significant warnings:
/home/hornik/tmp/R.check/r-devel-clang/Work/build/Packages/RcppArmadillo/include/RcppArmadillo/version/arma.h:66:17: warning: Using fallback compilation with Armadillo 14.6.3. Please consider defining -DARMA_USE_CURRENT and also removing C++11 compilation directive. See GitHub issue #475 for more. [-W#pragma-messages]
See ‘/home/hornik/tmp/R.check/r-devel-clang/Work/PKGS/dcurver.Rcheck/00install.out’ for details.
* used C++ compiler: ‘Debian clang version 19.1.7 (7)’
Flavor: r-devel-linux-x86_64-debian-clang
Version: 0.9.2
Check: C++ specification
Result: NOTE
Specified C++11: please drop specification unless essential
Flavors: r-devel-linux-x86_64-debian-clang, r-devel-linux-x86_64-fedora-clang, r-devel-windows-x86_64, r-patched-linux-x86_64, r-release-windows-x86_64, r-oldrel-windows-x86_64