Last updated on 2025-10-26 00:48:44 CEST.
| Flavor | Version | Tinstall | Tcheck | Ttotal | Status | Flags | 
|---|---|---|---|---|---|---|
| r-devel-linux-x86_64-debian-clang | 0.1.0 | 2.82 | 32.95 | 35.77 | NOTE | |
| r-devel-linux-x86_64-debian-gcc | 0.1.0 | 1.95 | 24.98 | 26.93 | NOTE | |
| r-devel-linux-x86_64-fedora-clang | 0.1.0 | 52.73 | OK | |||
| r-devel-linux-x86_64-fedora-gcc | 0.1.0 | 50.80 | OK | |||
| r-devel-windows-x86_64 | 0.1.0 | 4.00 | 57.00 | 61.00 | OK | |
| r-patched-linux-x86_64 | 0.1.0 | 3.01 | 31.10 | 34.11 | OK | |
| r-release-linux-x86_64 | 0.1.0 | 2.62 | 30.75 | 33.37 | OK | |
| r-release-macos-arm64 | 0.1.0 | 2.00 | 28.00 | 30.00 | OK | |
| r-release-macos-x86_64 | 0.1.0 | 3.00 | 36.00 | 39.00 | OK | |
| r-release-windows-x86_64 | 0.1.0 | 5.00 | 59.00 | 64.00 | OK | |
| r-oldrel-macos-arm64 | 0.1.0 | 1.00 | 20.00 | 21.00 | OK | |
| r-oldrel-macos-x86_64 | 0.1.0 | 2.00 | 29.00 | 31.00 | OK | |
| r-oldrel-windows-x86_64 | 0.1.0 | 5.00 | 67.00 | 72.00 | OK | 
Version: 0.1.0
Check: CRAN incoming feasibility
Result: NOTE
  Maintainer: ‘René Schulenberg <reneschulenberg@gmail.com>’
  
  No Authors@R field in DESCRIPTION.
  Please add one, modifying
    Authors@R: person(given = "René",
                      family = "Schulenberg",
                      role = c("aut", "cre"),
                      email = "reneschulenberg@gmail.com")
  as necessary.
Flavors: r-devel-linux-x86_64-debian-clang, r-devel-linux-x86_64-debian-gcc