Last updated on 2025-10-26 00:48:44 CEST.
| Flavor | Version | Tinstall | Tcheck | Ttotal | Status | Flags |
|---|---|---|---|---|---|---|
| r-devel-linux-x86_64-debian-clang | 2.0.6 | 6.20 | 45.84 | 52.04 | NOTE | |
| r-devel-linux-x86_64-debian-gcc | 2.0.6 | 4.32 | 32.34 | 36.66 | NOTE | |
| r-devel-linux-x86_64-fedora-clang | 2.0.6 | 14.00 | 66.52 | 80.52 | NOTE | |
| r-devel-linux-x86_64-fedora-gcc | 2.0.6 | 13.00 | 61.43 | 74.43 | NOTE | |
| r-devel-windows-x86_64 | 2.0.6 | 7.00 | 69.00 | 76.00 | OK | |
| r-patched-linux-x86_64 | 2.0.6 | 6.45 | 43.93 | 50.38 | OK | |
| r-release-linux-x86_64 | 2.0.6 | 6.11 | 43.71 | 49.82 | OK | |
| r-release-macos-arm64 | 2.0.6 | 3.00 | 24.00 | 27.00 | OK | |
| r-release-macos-x86_64 | 2.0.6 | 5.00 | 45.00 | 50.00 | OK | |
| r-release-windows-x86_64 | 2.0.6 | 6.00 | 70.00 | 76.00 | OK | |
| r-oldrel-macos-arm64 | 2.0.6 | 3.00 | 20.00 | 23.00 | OK | |
| r-oldrel-macos-x86_64 | 2.0.6 | 4.00 | 35.00 | 39.00 | OK | |
| r-oldrel-windows-x86_64 | 2.0.6 | 9.00 | 80.00 | 89.00 | OK |
Version: 2.0.6
Check: CRAN incoming feasibility
Result: NOTE
Maintainer: ‘Sean A. S. Anderson <sean.as.anderson@gmail.com>’
No Authors@R field in DESCRIPTION.
Please add one, modifying
Authors@R: c(person(given = c("Sean", "A.", "S."),
family = "Anderson",
role = c("aut", "cre"),
email = "sean.as.anderson@gmail.com"),
person(given = c("Jason", "T."),
family = "Weir",
role = "aut"))
as necessary.
Flavors: r-devel-linux-x86_64-debian-clang, r-devel-linux-x86_64-debian-gcc
Version: 2.0.6
Check: dependencies in R code
Result: NOTE
Namespace in Imports field not imported from: ‘truncnorm’
All declared Imports should be used.
Flavors: r-devel-linux-x86_64-fedora-clang, r-devel-linux-x86_64-fedora-gcc