Last updated on 2025-10-26 13:49:55 CET.
| Flavor | Version | Tinstall | Tcheck | Ttotal | Status | Flags |
|---|---|---|---|---|---|---|
| r-devel-linux-x86_64-debian-clang | 0.4-1 | 2.81 | 26.63 | 29.44 | OK | |
| r-devel-linux-x86_64-debian-gcc | 0.4-1 | 2.03 | 20.99 | 23.02 | OK | |
| r-devel-linux-x86_64-fedora-clang | 0.4-1 | 44.12 | OK | |||
| r-devel-linux-x86_64-fedora-gcc | 0.4-1 | 41.80 | OK | |||
| r-devel-windows-x86_64 | 0.4-1 | 4.00 | 44.00 | 48.00 | OK | |
| r-patched-linux-x86_64 | 0.4-1 | 2.88 | 25.27 | 28.15 | OK | |
| r-release-linux-x86_64 | 0.4-1 | 2.66 | 25.59 | 28.25 | OK | |
| r-release-macos-arm64 | 0.4-1 | 2.00 | 23.00 | 25.00 | OK | |
| r-release-macos-x86_64 | 0.4-1 | 3.00 | 27.00 | 30.00 | OK | |
| r-release-windows-x86_64 | 0.4-1 | 5.00 | 44.00 | 49.00 | OK | |
| r-oldrel-macos-arm64 | 0.4-1 | 1.00 | 17.00 | 18.00 | NOTE | |
| r-oldrel-macos-x86_64 | 0.4-1 | 2.00 | 24.00 | 26.00 | NOTE | |
| r-oldrel-windows-x86_64 | 0.4-1 | 6.00 | 50.00 | 56.00 | NOTE |
Version: 0.4-1
Check: LazyData
Result: NOTE
'LazyData' is specified without a 'data' directory
Flavors: r-oldrel-macos-arm64, r-oldrel-macos-x86_64, r-oldrel-windows-x86_64