Last updated on 2025-10-26 00:48:45 CEST.
| Flavor | Version | Tinstall | Tcheck | Ttotal | Status | Flags |
|---|---|---|---|---|---|---|
| r-devel-linux-x86_64-debian-clang | 1.2 | 2.50 | 33.51 | 36.01 | NOTE | |
| r-devel-linux-x86_64-debian-gcc | 1.2 | 1.98 | 25.64 | 27.62 | NOTE | |
| r-devel-linux-x86_64-fedora-clang | 1.2 | 55.45 | OK | |||
| r-devel-linux-x86_64-fedora-gcc | 1.2 | 53.12 | OK | |||
| r-devel-windows-x86_64 | 1.2 | 4.00 | 56.00 | 60.00 | OK | |
| r-patched-linux-x86_64 | 1.2 | 2.17 | 31.62 | 33.79 | OK | |
| r-release-linux-x86_64 | 1.2 | 2.47 | 32.51 | 34.98 | OK | |
| r-release-macos-arm64 | 1.2 | 1.00 | 20.00 | 21.00 | OK | |
| r-release-macos-x86_64 | 1.2 | 2.00 | 39.00 | 41.00 | OK | |
| r-release-windows-x86_64 | 1.2 | 4.00 | 57.00 | 61.00 | OK | |
| r-oldrel-macos-arm64 | 1.2 | 1.00 | 20.00 | 21.00 | OK | |
| r-oldrel-macos-x86_64 | 1.2 | 2.00 | 31.00 | 33.00 | OK | |
| r-oldrel-windows-x86_64 | 1.2 | 6.00 | 66.00 | 72.00 | OK |
Version: 1.2
Check: CRAN incoming feasibility
Result: NOTE
Maintainer: ‘Rodrigo R Remédio <rremedio@hotmail.com>’
Found the following URLs which should use \doi (with the DOI name only):
File ‘wooldridge.Rd’:
https://doi.org/10.1016/j.econlet.2009.04.026
Flavors: r-devel-linux-x86_64-debian-clang, r-devel-linux-x86_64-debian-gcc