Last updated on 2025-10-26 00:48:45 CEST.
| Flavor | Version | Tinstall | Tcheck | Ttotal | Status | Flags | 
|---|---|---|---|---|---|---|
| r-devel-linux-x86_64-debian-clang | 0.3.0 | 7.29 | 71.45 | 78.74 | NOTE | |
| r-devel-linux-x86_64-debian-gcc | 0.3.0 | 4.91 | 50.07 | 54.98 | NOTE | |
| r-devel-linux-x86_64-fedora-clang | 0.3.0 | 22.00 | 107.34 | 129.34 | NOTE | |
| r-devel-linux-x86_64-fedora-gcc | 0.3.0 | 14.00 | 96.80 | 110.80 | NOTE | |
| r-devel-windows-x86_64 | 0.3.0 | 9.00 | 102.00 | 111.00 | NOTE | |
| r-patched-linux-x86_64 | 0.3.0 | 7.44 | 66.18 | 73.62 | NOTE | |
| r-release-linux-x86_64 | 0.3.0 | 6.40 | 65.56 | 71.96 | NOTE | |
| r-release-macos-arm64 | 0.3.0 | 3.00 | 28.00 | 31.00 | NOTE | |
| r-release-macos-x86_64 | 0.3.0 | 5.00 | 45.00 | 50.00 | NOTE | |
| r-release-windows-x86_64 | 0.3.0 | 10.00 | 103.00 | 113.00 | NOTE | |
| r-oldrel-macos-arm64 | 0.3.0 | 3.00 | 23.00 | 26.00 | NOTE | |
| r-oldrel-macos-x86_64 | 0.3.0 | 5.00 | 45.00 | 50.00 | NOTE | |
| r-oldrel-windows-x86_64 | 0.3.0 | 13.00 | 132.00 | 145.00 | NOTE | 
Version: 0.3.0
Check: CRAN incoming feasibility
Result: NOTE
  Maintainer: ‘Marcio A. Diniz <marcio.diniz@cshs.org>’
  
  No Authors@R field in DESCRIPTION.
  Please add one, modifying
    Authors@R: person(given = c("Marcio", "A."),
                      family = "Diniz",
                      role = c("aut", "cre"),
                      email = "marcio.diniz@cshs.org")
  as necessary.
Flavors: r-devel-linux-x86_64-debian-clang, r-devel-linux-x86_64-debian-gcc
Version: 0.3.0
Check: Rd files
Result: NOTE
  checkRd: (-1) stop_rule.Rd:20: Lost braces in \itemize; \value handles \item{}{} directly
  checkRd: (-1) stop_rule.Rd:21: Lost braces in \itemize; \value handles \item{}{} directly
  checkRd: (-1) stop_rule.Rd:22: Lost braces in \itemize; \value handles \item{}{} directly
  checkRd: (-1) stop_rule.Rd:23: Lost braces in \itemize; \value handles \item{}{} directly
Flavors: r-devel-linux-x86_64-debian-clang, r-devel-linux-x86_64-debian-gcc, r-devel-linux-x86_64-fedora-clang, r-devel-linux-x86_64-fedora-gcc, r-devel-windows-x86_64, r-patched-linux-x86_64, r-release-linux-x86_64, r-release-macos-arm64, r-release-macos-x86_64, r-release-windows-x86_64, r-oldrel-macos-arm64, r-oldrel-macos-x86_64, r-oldrel-windows-x86_64
Version: 0.3.0
Check: dependencies in R code
Result: NOTE
  Namespace in Imports field not imported from: ‘parallel’
    All declared Imports should be used.
Flavors: r-devel-linux-x86_64-fedora-clang, r-devel-linux-x86_64-fedora-gcc
Version: 0.3.0
Check: LazyData
Result: NOTE
    'LazyData' is specified without a 'data' directory
Flavors: r-oldrel-macos-arm64, r-oldrel-macos-x86_64, r-oldrel-windows-x86_64