CRAN Package Check Results for Package focusedMDS

Last updated on 2025-10-26 00:48:46 CEST.

Flavor Version Tinstall Tcheck Ttotal Status Flags
r-devel-linux-x86_64-debian-clang 1.3.3 2.50 24.34 26.84 OK
r-devel-linux-x86_64-debian-gcc 1.3.3 1.66 19.71 21.37 OK
r-devel-linux-x86_64-fedora-clang 1.3.3 42.83 OK
r-devel-linux-x86_64-fedora-gcc 1.3.3 39.19 OK
r-devel-windows-x86_64 1.3.3 4.00 41.00 45.00 OK
r-patched-linux-x86_64 1.3.3 2.64 22.89 25.53 OK
r-release-linux-x86_64 1.3.3 2.54 23.20 25.74 OK
r-release-macos-arm64 1.3.3 2.00 16.00 18.00 OK
r-release-macos-x86_64 1.3.3 2.00 29.00 31.00 OK
r-release-windows-x86_64 1.3.3 5.00 42.00 47.00 OK
r-oldrel-macos-arm64 1.3.3 1.00 14.00 15.00 NOTE
r-oldrel-macos-x86_64 1.3.3 2.00 22.00 24.00 NOTE
r-oldrel-windows-x86_64 1.3.3 5.00 48.00 53.00 NOTE

Check Details

Version: 1.3.3
Check: LazyData
Result: NOTE 'LazyData' is specified without a 'data' directory Flavors: r-oldrel-macos-arm64, r-oldrel-macos-x86_64, r-oldrel-windows-x86_64