Last updated on 2025-10-26 00:48:46 CEST.
| Flavor | Version | Tinstall | Tcheck | Ttotal | Status | Flags |
|---|---|---|---|---|---|---|
| r-devel-linux-x86_64-debian-clang | 0.0-5 | 10.90 | 130.58 | 141.48 | OK | |
| r-devel-linux-x86_64-debian-gcc | 0.0-5 | 7.87 | 88.30 | 96.17 | OK | |
| r-devel-linux-x86_64-fedora-clang | 0.0-5 | 35.00 | 189.92 | 224.92 | NOTE | |
| r-devel-linux-x86_64-fedora-gcc | 0.0-5 | 25.00 | 197.02 | 222.02 | NOTE | |
| r-devel-windows-x86_64 | 0.0-5 | 14.00 | 126.00 | 140.00 | OK | |
| r-patched-linux-x86_64 | 0.0-5 | 11.16 | 122.48 | 133.64 | OK | |
| r-release-linux-x86_64 | 0.0-5 | 10.33 | 122.25 | 132.58 | OK | |
| r-release-macos-arm64 | 0.0-5 | 6.00 | 64.00 | 70.00 | OK | |
| r-release-macos-x86_64 | 0.0-5 | 9.00 | 105.00 | 114.00 | OK | |
| r-release-windows-x86_64 | 0.0-5 | 15.00 | 125.00 | 140.00 | OK | |
| r-oldrel-macos-arm64 | 0.0-5 | 5.00 | 47.00 | 52.00 | OK | |
| r-oldrel-macos-x86_64 | 0.0-5 | 8.00 | 81.00 | 89.00 | OK | |
| r-oldrel-windows-x86_64 | 0.0-5 | 18.00 | 167.00 | 185.00 | OK |
Version: 0.0-5
Check: dependencies in R code
Result: NOTE
Namespace in Imports field not imported from: ‘pkgKitten’
All declared Imports should be used.
Flavors: r-devel-linux-x86_64-fedora-clang, r-devel-linux-x86_64-fedora-gcc