Last updated on 2025-10-26 00:48:46 CEST.
| Flavor | Version | Tinstall | Tcheck | Ttotal | Status | Flags |
|---|---|---|---|---|---|---|
| r-devel-linux-x86_64-debian-clang | 1.1.0 | 3.40 | 29.54 | 32.94 | NOTE | |
| r-devel-linux-x86_64-debian-gcc | 1.1.0 | 2.29 | 23.37 | 25.66 | NOTE | |
| r-devel-linux-x86_64-fedora-clang | 1.1.0 | 51.39 | OK | |||
| r-devel-linux-x86_64-fedora-gcc | 1.1.0 | 75.11 | OK | |||
| r-devel-windows-x86_64 | 1.1.0 | 6.00 | 53.00 | 59.00 | OK | |
| r-patched-linux-x86_64 | 1.1.0 | 3.05 | 28.40 | 31.45 | OK | |
| r-release-linux-x86_64 | 1.1.0 | 3.31 | 28.27 | 31.58 | OK | |
| r-release-macos-arm64 | 1.1.0 | 2.00 | 43.00 | 45.00 | OK | |
| r-release-macos-x86_64 | 1.1.0 | 6.00 | 60.00 | 66.00 | OK | |
| r-release-windows-x86_64 | 1.1.0 | 6.00 | 52.00 | 58.00 | OK | |
| r-oldrel-macos-arm64 | 1.1.0 | 3.00 | 31.00 | 34.00 | OK | |
| r-oldrel-macos-x86_64 | 1.1.0 | 4.00 | 49.00 | 53.00 | OK | |
| r-oldrel-windows-x86_64 | 1.1.0 | 7.00 | 60.00 | 67.00 | OK |
Version: 1.1.0
Check: CRAN incoming feasibility
Result: NOTE
Maintainer: ‘Aidan Lakshman <ahl27@pitt.edu>’
The BugReports field in DESCRIPTION has
https://github.com/ahl27/froth/issues/new/choose
which should likely be
https://github.com/ahl27/froth/issues/new/choose/issues
instead.
Flavors: r-devel-linux-x86_64-debian-clang, r-devel-linux-x86_64-debian-gcc