Last updated on 2025-10-26 00:48:46 CEST.
| Flavor | Version | Tinstall | Tcheck | Ttotal | Status | Flags |
|---|---|---|---|---|---|---|
| r-devel-linux-x86_64-debian-clang | 1.0-4 | 3.25 | 39.56 | 42.81 | NOTE | --no-vignettes |
| r-devel-linux-x86_64-debian-gcc | 1.0-4 | 2.72 | 29.47 | 32.19 | NOTE | --no-vignettes |
| r-devel-linux-x86_64-fedora-clang | 1.0-4 | 11.00 | 860.97 | 871.97 | OK | |
| r-devel-linux-x86_64-fedora-gcc | 1.0-4 | 821.03 | OK | |||
| r-devel-windows-x86_64 | 1.0-4 | 5.00 | 71.00 | 76.00 | OK | --no-vignettes |
| r-patched-linux-x86_64 | 1.0-4 | 2.86 | 37.34 | 40.20 | OK | --no-vignettes |
| r-release-linux-x86_64 | 1.0-4 | 2.85 | 37.66 | 40.51 | OK | --no-vignettes |
| r-release-macos-arm64 | 1.0-4 | 2.00 | 194.00 | 196.00 | OK | |
| r-release-macos-x86_64 | 1.0-4 | 3.00 | 401.00 | 404.00 | OK | |
| r-release-windows-x86_64 | 1.0-4 | 6.00 | 57.00 | 63.00 | OK | --no-vignettes |
| r-oldrel-macos-arm64 | 1.0-4 | 2.00 | 196.00 | 198.00 | OK | |
| r-oldrel-macos-x86_64 | 1.0-4 | 3.00 | 296.00 | 299.00 | OK | |
| r-oldrel-windows-x86_64 | 1.0-4 | 8.00 | 66.00 | 74.00 | OK | --no-vignettes |
Version: 1.0-4
Flags: --no-vignettes
Check: CRAN incoming feasibility
Result: NOTE
Maintainer: ‘Achim Zeileis <Achim.Zeileis@R-project.org>’
Package CITATION file contains call(s) to old-style personList() or
as.personList(). Please use c() on person objects instead.
Package CITATION file contains call(s) to old-style citEntry(). Please
use bibentry() instead.
Found the following URLs which should use \doi (with the DOI name only):
File ‘confint.fxregimes.Rd’:
http://dx.doi.org/10.1016/j.csda.2009.12.005
File ‘fxlm.Rd’:
http://dx.doi.org/10.1016/j.csda.2009.12.005
File ‘fxmonitor.Rd’:
http://dx.doi.org/10.1016/j.csda.2009.12.005
File ‘fxregimes.Rd’:
http://dx.doi.org/10.1016/j.csda.2009.12.005
File ‘fxreturns.Rd’:
http://dx.doi.org/10.1016/j.csda.2009.12.005
File ‘fxtools.Rd’:
http://dx.doi.org/10.1016/j.csda.2009.12.005
Flavors: r-devel-linux-x86_64-debian-clang, r-devel-linux-x86_64-debian-gcc