Last updated on 2025-10-26 00:48:47 CEST.
| Flavor | Version | Tinstall | Tcheck | Ttotal | Status | Flags | 
|---|---|---|---|---|---|---|
| r-devel-linux-x86_64-debian-clang | 1.8.0 | 34.24 | 283.08 | 317.32 | NOTE | |
| r-devel-linux-x86_64-debian-gcc | 1.8.0 | 22.04 | 177.70 | 199.74 | NOTE | |
| r-devel-linux-x86_64-fedora-clang | 1.8.0 | 90.00 | 393.48 | 483.48 | OK | |
| r-devel-linux-x86_64-fedora-gcc | 1.8.0 | 71.00 | 371.93 | 442.93 | OK | |
| r-devel-windows-x86_64 | 1.8.0 | 31.00 | 211.00 | 242.00 | NOTE | |
| r-patched-linux-x86_64 | 1.8.0 | 29.77 | 264.22 | 293.99 | NOTE | |
| r-release-linux-x86_64 | 1.8.0 | 28.59 | 263.05 | 291.64 | NOTE | |
| r-release-macos-arm64 | 1.8.0 | 15.00 | 114.00 | 129.00 | OK | |
| r-release-macos-x86_64 | 1.8.0 | 29.00 | 186.00 | 215.00 | OK | |
| r-release-windows-x86_64 | 1.8.0 | 30.00 | 210.00 | 240.00 | NOTE | |
| r-oldrel-macos-arm64 | 1.8.0 | 13.00 | 85.00 | 98.00 | OK | |
| r-oldrel-macos-x86_64 | 1.8.0 | 21.00 | 152.00 | 173.00 | OK | |
| r-oldrel-windows-x86_64 | 1.8.0 | 45.00 | 300.00 | 345.00 | OK | 
Version: 1.8.0
Check: Rd cross-references
Result: NOTE
  Found the following Rd file(s) with Rd \link{} targets missing package
  anchors:
    extract_gfc.Rd: writeRaster
    scale_by_pixel_area.Rd: dataType
    scale_toar.Rd: writeRaster
  Please provide package anchors for all Rd \link{} targets not in the
  package itself and the base packages.
Flavors: r-devel-linux-x86_64-debian-clang, r-devel-linux-x86_64-debian-gcc, r-devel-windows-x86_64, r-patched-linux-x86_64, r-release-linux-x86_64, r-release-windows-x86_64