Last updated on 2025-10-26 00:48:47 CEST.
| Flavor | Version | Tinstall | Tcheck | Ttotal | Status | Flags |
|---|---|---|---|---|---|---|
| r-devel-linux-x86_64-debian-clang | 1.0.1 | 5.28 | 68.17 | 73.45 | OK | |
| r-devel-linux-x86_64-debian-gcc | 1.0.1 | 3.25 | 50.75 | 54.00 | OK | |
| r-devel-linux-x86_64-fedora-clang | 1.0.1 | 13.00 | 95.01 | 108.01 | OK | |
| r-devel-linux-x86_64-fedora-gcc | 1.0.1 | 14.00 | 102.15 | 116.15 | OK | |
| r-devel-windows-x86_64 | 1.0.1 | 8.00 | 73.00 | 81.00 | OK | |
| r-patched-linux-x86_64 | 1.0.1 | 4.68 | 64.69 | 69.37 | OK | |
| r-release-linux-x86_64 | 1.0.1 | 4.41 | 64.61 | 69.02 | OK | |
| r-release-macos-arm64 | 1.0.1 | 3.00 | 42.00 | 45.00 | OK | |
| r-release-macos-x86_64 | 1.0.1 | 3.00 | 65.00 | 68.00 | OK | |
| r-release-windows-x86_64 | 1.0.1 | 8.00 | 75.00 | 83.00 | OK | |
| r-oldrel-macos-arm64 | 1.0.1 | 2.00 | 33.00 | 35.00 | NOTE | |
| r-oldrel-macos-x86_64 | 1.0.1 | 3.00 | 55.00 | 58.00 | NOTE | |
| r-oldrel-windows-x86_64 | 1.0.1 | 9.00 | 94.00 | 103.00 | NOTE |
Version: 1.0.1
Check: LazyData
Result: NOTE
'LazyData' is specified without a 'data' directory
Flavors: r-oldrel-macos-arm64, r-oldrel-macos-x86_64, r-oldrel-windows-x86_64