CRAN Package Check Results for Package gsrs

Last updated on 2025-10-26 00:48:48 CEST.

Flavor Version Tinstall Tcheck Ttotal Status Flags
r-devel-linux-x86_64-debian-clang 0.1.1 1.64 26.53 28.17 NOTE
r-devel-linux-x86_64-debian-gcc 0.1.1 1.56 21.40 22.96 NOTE
r-devel-linux-x86_64-fedora-clang 0.1.1 44.58 OK
r-devel-linux-x86_64-fedora-gcc 0.1.1 40.13 OK
r-devel-windows-x86_64 0.1.1 3.00 43.00 46.00 OK
r-patched-linux-x86_64 0.1.1 1.94 25.96 27.90 OK
r-release-linux-x86_64 0.1.1 1.88 25.13 27.01 OK
r-release-macos-arm64 0.1.1 1.00 19.00 20.00 OK
r-release-macos-x86_64 0.1.1 2.00 27.00 29.00 OK
r-release-windows-x86_64 0.1.1 3.00 44.00 47.00 OK
r-oldrel-macos-arm64 0.1.1 1.00 17.00 18.00 OK
r-oldrel-macos-x86_64 0.1.1 2.00 23.00 25.00 OK
r-oldrel-windows-x86_64 0.1.1 4.00 48.00 52.00 OK

Check Details

Version: 0.1.1
Check: CRAN incoming feasibility
Result: NOTE Maintainer: ‘Yifei Zhang <yz3925@columbia.edu>’ No Authors@R field in DESCRIPTION. Please add one, modifying Authors@R: c(person(given = "Yifei", family = "Zhang", role = c("aut", "cre"), email = "yz3925@columbia.edu"), person(given = "Xuan", family = "Bi", role = "aut")) as necessary. Flavors: r-devel-linux-x86_64-debian-clang, r-devel-linux-x86_64-debian-gcc