Last updated on 2025-10-26 13:49:57 CET.
| Flavor | Version | Tinstall | Tcheck | Ttotal | Status | Flags |
|---|---|---|---|---|---|---|
| r-devel-linux-x86_64-debian-clang | 0.0.1 | 1.52 | 19.58 | 21.10 | NOTE | |
| r-devel-linux-x86_64-debian-gcc | 0.0.1 | 1.06 | 17.10 | 18.16 | NOTE | |
| r-devel-linux-x86_64-fedora-clang | 0.0.1 | 28.94 | OK | |||
| r-devel-linux-x86_64-fedora-gcc | 0.0.1 | 26.82 | OK | |||
| r-devel-windows-x86_64 | 0.0.1 | 2.00 | 37.00 | 39.00 | OK | |
| r-patched-linux-x86_64 | 0.0.1 | 1.42 | 17.50 | 18.92 | OK | |
| r-release-linux-x86_64 | 0.0.1 | 1.51 | 17.49 | 19.00 | OK | |
| r-release-macos-arm64 | 0.0.1 | 1.00 | 14.00 | 15.00 | OK | |
| r-release-macos-x86_64 | 0.0.1 | 1.00 | 23.00 | 24.00 | OK | |
| r-release-windows-x86_64 | 0.0.1 | 2.00 | 39.00 | 41.00 | OK | |
| r-oldrel-macos-arm64 | 0.0.1 | 1.00 | 13.00 | 14.00 | NOTE | |
| r-oldrel-macos-x86_64 | 0.0.1 | 1.00 | 20.00 | 21.00 | NOTE | |
| r-oldrel-windows-x86_64 | 0.0.1 | 3.00 | 42.00 | 45.00 | NOTE |
Version: 0.0.1
Check: CRAN incoming feasibility
Result: NOTE
Maintainer: ‘Peter Meissner <retep.meissner@gmail.com>’
No Authors@R field in DESCRIPTION.
Please add one, modifying
Authors@R: person(given = "Peter",
family = "Meissner",
role = c("aut", "cre"),
email = "retep.meissner@gmail.com")
as necessary.
Flavors: r-devel-linux-x86_64-debian-clang, r-devel-linux-x86_64-debian-gcc
Version: 0.0.1
Check: LazyData
Result: NOTE
'LazyData' is specified without a 'data' directory
Flavors: r-oldrel-macos-arm64, r-oldrel-macos-x86_64, r-oldrel-windows-x86_64