Last updated on 2025-10-26 00:48:48 CEST.
| Flavor | Version | Tinstall | Tcheck | Ttotal | Status | Flags | 
|---|---|---|---|---|---|---|
| r-devel-linux-x86_64-debian-clang | 2.2.2 | 1.96 | 20.30 | 22.26 | NOTE | |
| r-devel-linux-x86_64-debian-gcc | 2.2.2 | 1.48 | 16.86 | 18.34 | NOTE | |
| r-devel-linux-x86_64-fedora-clang | 2.2.2 | 32.35 | OK | |||
| r-devel-linux-x86_64-fedora-gcc | 2.2.2 | 29.45 | OK | |||
| r-devel-windows-x86_64 | 2.2.2 | 3.00 | 40.00 | 43.00 | OK | |
| r-patched-linux-x86_64 | 2.2.2 | 1.71 | 19.48 | 21.19 | OK | |
| r-release-linux-x86_64 | 2.2.2 | 1.92 | 19.96 | 21.88 | OK | |
| r-release-macos-arm64 | 2.2.2 | 1.00 | 16.00 | 17.00 | OK | |
| r-release-macos-x86_64 | 2.2.2 | 2.00 | 22.00 | 24.00 | OK | |
| r-release-windows-x86_64 | 2.2.2 | 3.00 | 44.00 | 47.00 | OK | |
| r-oldrel-macos-arm64 | 2.2.2 | 1.00 | 14.00 | 15.00 | OK | |
| r-oldrel-macos-x86_64 | 2.2.2 | 2.00 | 21.00 | 23.00 | OK | |
| r-oldrel-windows-x86_64 | 2.2.2 | 3.00 | 42.00 | 45.00 | OK | 
Version: 2.2.2
Check: CRAN incoming feasibility
Result: NOTE
  Maintainer: ‘Sangchul Park <mail@sangchul.com>’
  
  No Authors@R field in DESCRIPTION.
  Please add one, modifying
    Authors@R: person(given = "Sangchul",
                      family = "Park",
                      role = c("aut", "cre"),
                      email = "mail@sangchul.com")
  as necessary.
Flavors: r-devel-linux-x86_64-debian-clang, r-devel-linux-x86_64-debian-gcc