Last updated on 2025-10-26 00:48:48 CEST.
| Flavor | Version | Tinstall | Tcheck | Ttotal | Status | Flags | 
|---|---|---|---|---|---|---|
| r-devel-linux-x86_64-debian-clang | 0.1.5 | 4.43 | 31.33 | 35.76 | NOTE | |
| r-devel-linux-x86_64-debian-gcc | 0.1.5 | 3.33 | 23.82 | 27.15 | NOTE | |
| r-devel-linux-x86_64-fedora-clang | 0.1.5 | 11.00 | 42.64 | 53.64 | OK | |
| r-devel-linux-x86_64-fedora-gcc | 0.1.5 | 11.00 | 36.41 | 47.41 | OK | |
| r-devel-windows-x86_64 | 0.1.5 | 10.00 | 51.00 | 61.00 | OK | |
| r-patched-linux-x86_64 | 0.1.5 | 4.23 | 28.54 | 32.77 | OK | |
| r-release-linux-x86_64 | 0.1.5 | 3.93 | 27.66 | 31.59 | OK | |
| r-release-macos-arm64 | 0.1.5 | 3.00 | 20.00 | 23.00 | OK | |
| r-release-macos-x86_64 | 0.1.5 | 4.00 | 27.00 | 31.00 | OK | |
| r-release-windows-x86_64 | 0.1.5 | 11.00 | 51.00 | 62.00 | OK | |
| r-oldrel-macos-arm64 | 0.1.5 | 3.00 | 18.00 | 21.00 | OK | |
| r-oldrel-macos-x86_64 | 0.1.5 | 4.00 | 24.00 | 28.00 | OK | |
| r-oldrel-windows-x86_64 | 0.1.5 | 13.00 | 57.00 | 70.00 | OK | 
Version: 0.1.5
Check: CRAN incoming feasibility
Result: NOTE
  Maintainer: ‘Aditya Khanna <khanna7.work@gmail.com>’
  
  No Authors@R field in DESCRIPTION.
  Please add one, modifying
    Authors@R: c(person(given = "Simon",
                        family = "Jacobs",
                        role = "aut"),
                 person(given = "Aditya",
                        family = "Khanna",
                        role = c("aut", "cre"),
                        email = "khanna7.work@gmail.com"),
                 person(given = "Kamesh",
                        family = "Madduri",
                        role = "ctb"),
                 person(given = "David",
                        family = "Bader",
                        role = "ctb"))
  as necessary.
Flavors: r-devel-linux-x86_64-debian-clang, r-devel-linux-x86_64-debian-gcc