Last updated on 2025-10-26 00:48:49 CEST.
| Flavor | Version | Tinstall | Tcheck | Ttotal | Status | Flags | 
|---|---|---|---|---|---|---|
| r-devel-linux-x86_64-debian-clang | 0.1.2 | 5.09 | 55.25 | 60.34 | NOTE | |
| r-devel-linux-x86_64-debian-gcc | 0.1.2 | 4.27 | 40.92 | 45.19 | NOTE | |
| r-devel-linux-x86_64-fedora-clang | 0.1.2 | 30.00 | 71.89 | 101.89 | OK | |
| r-devel-linux-x86_64-fedora-gcc | 0.1.2 | 10.00 | 74.43 | 84.43 | OK | |
| r-devel-windows-x86_64 | 0.1.2 | 7.00 | 67.00 | 74.00 | OK | |
| r-patched-linux-x86_64 | 0.1.2 | 5.70 | 52.68 | 58.38 | OK | |
| r-release-linux-x86_64 | 0.1.2 | 5.01 | 51.84 | 56.85 | OK | |
| r-release-macos-arm64 | 0.1.2 | 2.00 | 25.00 | 27.00 | OK | |
| r-release-macos-x86_64 | 0.1.2 | 5.00 | 39.00 | 44.00 | OK | |
| r-release-windows-x86_64 | 0.1.2 | 7.00 | 67.00 | 74.00 | OK | |
| r-oldrel-macos-arm64 | 0.1.2 | 3.00 | 22.00 | 25.00 | OK | |
| r-oldrel-macos-x86_64 | 0.1.2 | 3.00 | 33.00 | 36.00 | OK | |
| r-oldrel-windows-x86_64 | 0.1.2 | 10.00 | 83.00 | 93.00 | OK | 
Version: 0.1.2
Check: CRAN incoming feasibility
Result: NOTE
  Maintainer: ‘Hannah Franziska Löchel <loechelh@mathematik.uni-marburg.de>’
  
  No Authors@R field in DESCRIPTION.
  Please add one, modifying
    Authors@R: c(person(given = "Dominik",
                        family = "Eger",
                        role = "aut"),
                 person(given = c("Hannah", "Franziska"),
                        family = "Löchel",
                        role = c("aut", "cre"),
                        email = "loechelh@mathematik.uni-marburg.de"))
  as necessary.
Flavors: r-devel-linux-x86_64-debian-clang, r-devel-linux-x86_64-debian-gcc