Last updated on 2025-10-26 00:48:49 CEST.
| Flavor | Version | Tinstall | Tcheck | Ttotal | Status | Flags |
|---|---|---|---|---|---|---|
| r-devel-linux-x86_64-debian-clang | 2.1.6 | 86.26 | 105.77 | 192.03 | OK | |
| r-devel-linux-x86_64-debian-gcc | 2.1.6 | 51.02 | 75.45 | 126.47 | OK | |
| r-devel-linux-x86_64-fedora-clang | 2.1.6 | 381.00 | -6.16 | 374.84 | OK | |
| r-devel-linux-x86_64-fedora-gcc | 2.1.6 | 266.00 | 88.43 | 354.43 | OK | |
| r-devel-windows-x86_64 | 2.1.6 | 100.00 | 157.00 | 257.00 | OK | |
| r-patched-linux-x86_64 | 2.1.6 | 89.79 | 97.98 | 187.77 | OK | |
| r-release-linux-x86_64 | 2.1.6 | 89.04 | 99.21 | 188.25 | OK | |
| r-release-macos-arm64 | 2.1.6 | 32.00 | 95.00 | 127.00 | OK | |
| r-release-macos-x86_64 | 2.1.6 | 29.00 | 112.00 | 141.00 | OK | |
| r-release-windows-x86_64 | 2.1.6 | 102.00 | 158.00 | 260.00 | OK | |
| r-oldrel-macos-arm64 | 2.1.6 | 29.00 | 83.00 | 112.00 | NOTE | |
| r-oldrel-macos-x86_64 | 2.1.6 | 30.00 | 107.00 | 137.00 | NOTE | |
| r-oldrel-windows-x86_64 | 2.1.6 | 119.00 | 190.00 | 309.00 | OK |
Version: 2.1.6
Check: installed package size
Result: NOTE
installed size is 5.9Mb
sub-directories of 1Mb or more:
libs 5.1Mb
Flavors: r-oldrel-macos-arm64, r-oldrel-macos-x86_64