Last updated on 2025-10-26 00:48:50 CEST.
| Flavor | Version | Tinstall | Tcheck | Ttotal | Status | Flags | 
|---|---|---|---|---|---|---|
| r-devel-linux-x86_64-debian-clang | 1.0.6 | 7.95 | 70.50 | 78.45 | NOTE | |
| r-devel-linux-x86_64-debian-gcc | 1.0.6 | 6.02 | 51.11 | 57.13 | NOTE | |
| r-devel-linux-x86_64-fedora-clang | 1.0.6 | 22.00 | 98.41 | 120.41 | OK | |
| r-devel-linux-x86_64-fedora-gcc | 1.0.6 | 15.00 | 96.76 | 111.76 | OK | |
| r-devel-windows-x86_64 | 1.0.6 | 9.00 | 77.00 | 86.00 | OK | |
| r-patched-linux-x86_64 | 1.0.6 | 8.16 | 66.68 | 74.84 | OK | |
| r-release-linux-x86_64 | 1.0.6 | 7.81 | 65.75 | 73.56 | OK | |
| r-release-macos-arm64 | 1.0.6 | 4.00 | 40.00 | 44.00 | OK | |
| r-release-macos-x86_64 | 1.0.6 | 10.00 | 93.00 | 103.00 | OK | |
| r-release-windows-x86_64 | 1.0.6 | 10.00 | 77.00 | 87.00 | OK | |
| r-oldrel-macos-arm64 | 1.0.6 | 4.00 | 33.00 | 37.00 | OK | |
| r-oldrel-macos-x86_64 | 1.0.6 | 6.00 | 50.00 | 56.00 | OK | |
| r-oldrel-windows-x86_64 | 1.0.6 | 12.00 | 95.00 | 107.00 | OK | 
Version: 1.0.6
Check: CRAN incoming feasibility
Result: NOTE
  Maintainer: ‘Kaspar Rufibach <kaspar.rufibach@gmail.com>’
  
  No Authors@R field in DESCRIPTION.
  Please add one, modifying
    Authors@R: c(person(given = "Kaspar",
                        family = "Rufibach",
                        role = c("aut", "cre"),
                        email = "kaspar.rufibach@gmail.com"),
                 person(given = "Fadoua",
                        family = "Balabdaoui",
                        role = "aut",
                        email = "fadoua@ceremade.dauphine.fr"),
                 person(given = "Hanna",
                        family = "Jankowski",
                        role = "aut",
                        email = "hkj@mathstat.yorku.ca"),
                 person(given = "Kathrin",
                        family = "Weyermann",
                        role = "aut",
                        email = "kathrin.weyermann@bkw-fmb.ch"))
  as necessary.
Flavors: r-devel-linux-x86_64-debian-clang, r-devel-linux-x86_64-debian-gcc