Last updated on 2025-10-26 00:48:50 CEST.
| Flavor | Version | Tinstall | Tcheck | Ttotal | Status | Flags | 
|---|---|---|---|---|---|---|
| r-devel-linux-x86_64-debian-clang | 0.1 | 2.04 | 29.17 | 31.21 | NOTE | |
| r-devel-linux-x86_64-debian-gcc | 0.1 | 1.52 | 23.38 | 24.90 | NOTE | |
| r-devel-linux-x86_64-fedora-clang | 0.1 | 46.99 | NOTE | |||
| r-devel-linux-x86_64-fedora-gcc | 0.1 | 51.41 | NOTE | |||
| r-devel-windows-x86_64 | 0.1 | 3.00 | 65.00 | 68.00 | OK | |
| r-patched-linux-x86_64 | 0.1 | 2.13 | 28.03 | 30.16 | OK | |
| r-release-linux-x86_64 | 0.1 | 1.72 | 27.69 | 29.41 | OK | |
| r-release-macos-arm64 | 0.1 | 1.00 | 23.00 | 24.00 | OK | |
| r-release-macos-x86_64 | 0.1 | 2.00 | 31.00 | 33.00 | OK | |
| r-release-windows-x86_64 | 0.1 | 4.00 | 54.00 | 58.00 | OK | |
| r-oldrel-macos-arm64 | 0.1 | 1.00 | 19.00 | 20.00 | NOTE | |
| r-oldrel-macos-x86_64 | 0.1 | 2.00 | 25.00 | 27.00 | NOTE | |
| r-oldrel-windows-x86_64 | 0.1 | 4.00 | 58.00 | 62.00 | NOTE | 
Version: 0.1
Check: CRAN incoming feasibility
Result: NOTE
  Maintainer: ‘Guangwei Weng <wengx076@umn.edu>’
  
  The Description field contains
    matrix. See Doss and Weng (2018) <arXiv:1806.00731> for more detail.
  Please refer to arXiv e-prints via their arXiv DOI <doi:10.48550/arXiv.YYMM.NNNNN>.
Flavors: r-devel-linux-x86_64-debian-clang, r-devel-linux-x86_64-debian-gcc
Version: 0.1
Check: dependencies in R code
Result: NOTE
  Namespace in Imports field not imported from: ‘Matrix’
    All declared Imports should be used.
Flavors: r-devel-linux-x86_64-fedora-clang, r-devel-linux-x86_64-fedora-gcc
Version: 0.1
Check: LazyData
Result: NOTE
    'LazyData' is specified without a 'data' directory
Flavors: r-oldrel-macos-arm64, r-oldrel-macos-x86_64, r-oldrel-windows-x86_64