Last updated on 2025-10-26 00:48:50 CEST.
| Flavor | Version | Tinstall | Tcheck | Ttotal | Status | Flags | 
|---|---|---|---|---|---|---|
| r-devel-linux-x86_64-debian-clang | 0.5.6 | 7.24 | 65.98 | 73.22 | OK | |
| r-devel-linux-x86_64-debian-gcc | 0.5.6 | 5.24 | 46.46 | 51.70 | OK | |
| r-devel-linux-x86_64-fedora-clang | 0.5.6 | 21.00 | 97.88 | 118.88 | OK | |
| r-devel-linux-x86_64-fedora-gcc | 0.5.6 | 16.00 | 91.30 | 107.30 | OK | |
| r-devel-windows-x86_64 | 0.5.6 | 9.00 | 90.00 | 99.00 | OK | |
| r-patched-linux-x86_64 | 0.5.6 | 6.46 | 61.12 | 67.58 | OK | |
| r-release-linux-x86_64 | 0.5.6 | 5.97 | 60.42 | 66.39 | OK | |
| r-release-macos-arm64 | 0.5.6 | 4.00 | 31.00 | 35.00 | OK | |
| r-release-macos-x86_64 | 0.5.6 | 6.00 | 50.00 | 56.00 | OK | |
| r-release-windows-x86_64 | 0.5.6 | 9.00 | 72.00 | 81.00 | OK | |
| r-oldrel-macos-arm64 | 0.5.6 | 3.00 | 25.00 | 28.00 | NOTE | |
| r-oldrel-macos-x86_64 | 0.5.6 | 5.00 | 43.00 | 48.00 | NOTE | |
| r-oldrel-windows-x86_64 | 0.5.6 | 12.00 | 90.00 | 102.00 | NOTE | 
Version: 0.5.6
Check: LazyData
Result: NOTE
    'LazyData' is specified without a 'data' directory
Flavors: r-oldrel-macos-arm64, r-oldrel-macos-x86_64, r-oldrel-windows-x86_64