Last updated on 2025-10-26 00:48:50 CEST.
| Flavor | Version | Tinstall | Tcheck | Ttotal | Status | Flags | 
|---|---|---|---|---|---|---|
| r-devel-linux-x86_64-debian-clang | 0.2.7 | 127.19 | 92.07 | 219.26 | OK | |
| r-devel-linux-x86_64-debian-gcc | 0.2.7 | 74.30 | 70.38 | 144.68 | OK | |
| r-devel-linux-x86_64-fedora-clang | 0.2.7 | 357.00 | 54.48 | 411.48 | OK | |
| r-devel-linux-x86_64-fedora-gcc | 0.2.7 | 290.00 | 96.83 | 386.83 | OK | |
| r-devel-windows-x86_64 | 0.2.7 | 143.00 | 315.00 | 458.00 | OK | |
| r-patched-linux-x86_64 | 0.2.7 | 118.20 | 87.04 | 205.24 | OK | |
| r-release-linux-x86_64 | 0.2.7 | 122.42 | 89.02 | 211.44 | OK | |
| r-release-macos-arm64 | 0.2.7 | 42.00 | 40.00 | 82.00 | OK | |
| r-release-macos-x86_64 | 0.2.7 | 56.00 | 108.00 | 164.00 | OK | |
| r-release-windows-x86_64 | 0.2.7 | 144.00 | 134.00 | 278.00 | OK | |
| r-oldrel-macos-arm64 | 0.2.7 | 41.00 | 43.00 | 84.00 | NOTE | |
| r-oldrel-macos-x86_64 | 0.2.7 | 47.00 | 82.00 | 129.00 | NOTE | |
| r-oldrel-windows-x86_64 | 0.2.7 | 162.00 | 164.00 | 326.00 | OK | 
Version: 0.2.7
Check: installed package size
Result: NOTE
    installed size is  7.8Mb
    sub-directories of 1Mb or more:
      libs   7.4Mb
Flavors: r-oldrel-macos-arm64, r-oldrel-macos-x86_64