Last updated on 2025-10-26 00:48:50 CEST.
| Flavor | Version | Tinstall | Tcheck | Ttotal | Status | Flags |
|---|---|---|---|---|---|---|
| r-devel-linux-x86_64-debian-clang | 0.1.5.2 | 53.97 | 94.55 | 148.52 | NOTE | |
| r-devel-linux-x86_64-debian-gcc | 0.1.5.2 | 39.56 | 71.62 | 111.18 | NOTE | |
| r-devel-linux-x86_64-fedora-clang | 0.1.5.2 | 142.00 | 90.23 | 232.23 | OK | |
| r-devel-linux-x86_64-fedora-gcc | 0.1.5.2 | 108.00 | 129.08 | 237.08 | OK | |
| r-devel-windows-x86_64 | 0.1.5.2 | 56.00 | 118.00 | 174.00 | OK | |
| r-patched-linux-x86_64 | 0.1.5.2 | 57.89 | 93.17 | 151.06 | OK | |
| r-release-linux-x86_64 | 0.1.5.2 | 59.16 | 91.48 | 150.64 | OK | |
| r-release-macos-arm64 | 0.1.5.2 | 22.00 | 39.00 | 61.00 | OK | |
| r-release-macos-x86_64 | 0.1.5.2 | 36.00 | 73.00 | 109.00 | OK | |
| r-release-windows-x86_64 | 0.1.5.2 | 60.00 | 120.00 | 180.00 | OK | |
| r-oldrel-macos-arm64 | 0.1.5.2 | 20.00 | 36.00 | 56.00 | NOTE | |
| r-oldrel-macos-x86_64 | 0.1.5.2 | 45.00 | 66.00 | 111.00 | NOTE | |
| r-oldrel-windows-x86_64 | 0.1.5.2 | 72.00 | 152.00 | 224.00 | OK |
Version: 0.1.5.2
Check: CRAN incoming feasibility
Result: NOTE
Maintainer: ‘Kelly McConville <kmcconville@fas.harvard.edu>’
The Description field contains
(2017) <arXiv:1712.05708>. The variance estimators which approximate
Please refer to arXiv e-prints via their arXiv DOI <doi:10.48550/arXiv.YYMM.NNNNN>.
Flavors: r-devel-linux-x86_64-debian-clang, r-devel-linux-x86_64-debian-gcc
Version: 0.1.5.2
Check: installed package size
Result: NOTE
installed size is 18.9Mb
sub-directories of 1Mb or more:
libs 18.6Mb
Flavors: r-oldrel-macos-arm64, r-oldrel-macos-x86_64