CRAN Package Check Results for Package mekko

Last updated on 2025-10-26 00:48:51 CEST.

Flavor Version Tinstall Tcheck Ttotal Status Flags
r-devel-linux-x86_64-debian-clang 0.1.0 1.66 32.04 33.70 OK
r-devel-linux-x86_64-debian-gcc 0.1.0 1.26 26.24 27.50 OK
r-devel-linux-x86_64-fedora-clang 0.1.0 51.86 OK
r-devel-linux-x86_64-fedora-gcc 0.1.0 65.00 OK
r-devel-windows-x86_64 0.1.0 3.00 53.00 56.00 OK
r-patched-linux-x86_64 0.1.0 1.69 30.96 32.65 OK
r-release-linux-x86_64 0.1.0 1.44 31.15 32.59 OK
r-release-macos-arm64 0.1.0 2.00 49.00 51.00 OK
r-release-macos-x86_64 0.1.0 1.00 44.00 45.00 OK
r-release-windows-x86_64 0.1.0 3.00 54.00 57.00 OK
r-oldrel-macos-arm64 0.1.0 1.00 24.00 25.00 NOTE
r-oldrel-macos-x86_64 0.1.0 2.00 36.00 38.00 NOTE
r-oldrel-windows-x86_64 0.1.0 4.00 61.00 65.00 NOTE

Check Details

Version: 0.1.0
Check: LazyData
Result: NOTE 'LazyData' is specified without a 'data' directory Flavors: r-oldrel-macos-arm64, r-oldrel-macos-x86_64, r-oldrel-windows-x86_64