Last updated on 2025-10-26 00:48:51 CEST.
| Flavor | Version | Tinstall | Tcheck | Ttotal | Status | Flags | 
|---|---|---|---|---|---|---|
| r-devel-linux-x86_64-debian-clang | 1.0-6 | 2.46 | 24.37 | 26.83 | NOTE | |
| r-devel-linux-x86_64-debian-gcc | 1.0-6 | 1.75 | 19.93 | 21.68 | NOTE | |
| r-devel-linux-x86_64-fedora-clang | 1.0-6 | 40.93 | OK | |||
| r-devel-linux-x86_64-fedora-gcc | 1.0-6 | 38.93 | OK | |||
| r-devel-windows-x86_64 | 1.0-6 | 3.00 | 46.00 | 49.00 | OK | |
| r-patched-linux-x86_64 | 1.0-6 | 2.50 | 23.15 | 25.65 | OK | |
| r-release-linux-x86_64 | 1.0-6 | 2.39 | 22.95 | 25.34 | OK | |
| r-release-macos-arm64 | 1.0-6 | 2.00 | 31.00 | 33.00 | OK | |
| r-release-macos-x86_64 | 1.0-6 | 2.00 | 26.00 | 28.00 | OK | |
| r-release-windows-x86_64 | 1.0-6 | 4.00 | 46.00 | 50.00 | OK | |
| r-oldrel-macos-arm64 | 1.0-6 | 1.00 | 14.00 | 15.00 | OK | |
| r-oldrel-macos-x86_64 | 1.0-6 | 2.00 | 21.00 | 23.00 | OK | |
| r-oldrel-windows-x86_64 | 1.0-6 | 5.00 | 57.00 | 62.00 | OK | 
Version: 1.0-6
Check: CRAN incoming feasibility
Result: NOTE
  Maintainer: ‘Paul Murrell <paul@stat.auckland.ac.nz>’
  
  No Authors@R field in DESCRIPTION.
  Please add one, modifying
    Authors@R: person(given = "Paul",
                      family = "Murrell",
                      role = c("aut", "cre"),
                      email = "paul@stat.auckland.ac.nz")
  as necessary.
Flavors: r-devel-linux-x86_64-debian-clang, r-devel-linux-x86_64-debian-gcc