Last updated on 2025-10-26 00:48:51 CEST.
| Flavor | Version | Tinstall | Tcheck | Ttotal | Status | Flags | 
|---|---|---|---|---|---|---|
| r-devel-linux-x86_64-debian-clang | 1.2 | 14.05 | 63.96 | 78.01 | NOTE | |
| r-devel-linux-x86_64-debian-gcc | 1.2 | 12.74 | 50.32 | 63.06 | NOTE | |
| r-devel-linux-x86_64-fedora-clang | 1.2 | 60.00 | 68.86 | 128.86 | NOTE | |
| r-devel-linux-x86_64-fedora-gcc | 1.2 | 37.00 | 86.65 | 123.65 | NOTE | |
| r-devel-windows-x86_64 | 1.2 | 19.00 | 87.00 | 106.00 | NOTE | |
| r-patched-linux-x86_64 | 1.2 | 17.73 | 60.65 | 78.38 | NOTE | |
| r-release-linux-x86_64 | 1.2 | 14.89 | 61.06 | 75.95 | NOTE | |
| r-release-macos-arm64 | 1.2 | 8.00 | 33.00 | 41.00 | NOTE | |
| r-release-macos-x86_64 | 1.2 | 13.00 | 83.00 | 96.00 | NOTE | |
| r-release-windows-x86_64 | 1.2 | 20.00 | 92.00 | 112.00 | NOTE | |
| r-oldrel-macos-arm64 | 1.2 | 9.00 | 30.00 | 39.00 | NOTE | |
| r-oldrel-macos-x86_64 | 1.2 | 12.00 | 62.00 | 74.00 | NOTE | |
| r-oldrel-windows-x86_64 | 1.2 | 23.00 | 114.00 | 137.00 | NOTE | 
Version: 1.2
Check: CRAN incoming feasibility
Result: NOTE
  Maintainer: ‘Martin Siebenborn <martin.siebenborn@uni-hamburg.de>’
  
  The BugReports field in DESCRIPTION has
    https://github.com/SplineSmoothing/MGSS
  which should likely be
    https://github.com/SplineSmoothing/MGSS/issues
  instead.
Flavors: r-devel-linux-x86_64-debian-clang, r-devel-linux-x86_64-debian-gcc
Version: 1.2
Check: C++ specification
Result: NOTE
    Specified C++14: please drop specification unless essential
Flavors: r-devel-linux-x86_64-debian-clang, r-devel-linux-x86_64-debian-gcc, r-devel-linux-x86_64-fedora-clang, r-devel-linux-x86_64-fedora-gcc, r-devel-windows-x86_64, r-patched-linux-x86_64, r-release-linux-x86_64, r-release-macos-arm64, r-release-macos-x86_64, r-release-windows-x86_64, r-oldrel-macos-arm64, r-oldrel-macos-x86_64, r-oldrel-windows-x86_64