Last updated on 2025-10-26 00:48:51 CEST.
| Flavor | Version | Tinstall | Tcheck | Ttotal | Status | Flags | 
|---|---|---|---|---|---|---|
| r-devel-linux-x86_64-debian-clang | 1.0 | 4.59 | 33.55 | 38.14 | NOTE | |
| r-devel-linux-x86_64-debian-gcc | 1.0 | 3.19 | 25.89 | 29.08 | NOTE | |
| r-devel-linux-x86_64-fedora-clang | 1.0 | 17.00 | 42.58 | 59.58 | OK | |
| r-devel-linux-x86_64-fedora-gcc | 1.0 | 11.00 | 44.49 | 55.49 | OK | |
| r-devel-windows-x86_64 | 1.0 | 5.00 | 54.00 | 59.00 | OK | |
| r-patched-linux-x86_64 | 1.0 | 4.84 | 31.51 | 36.35 | OK | |
| r-release-linux-x86_64 | 1.0 | 4.56 | 32.24 | 36.80 | OK | |
| r-release-macos-arm64 | 1.0 | 3.00 | 19.00 | 22.00 | OK | |
| r-release-macos-x86_64 | 1.0 | 4.00 | 30.00 | 34.00 | OK | |
| r-release-windows-x86_64 | 1.0 | 5.00 | 55.00 | 60.00 | OK | |
| r-oldrel-macos-arm64 | 1.0 | 2.00 | 15.00 | 17.00 | OK | |
| r-oldrel-macos-x86_64 | 1.0 | 4.00 | 25.00 | 29.00 | OK | |
| r-oldrel-windows-x86_64 | 1.0 | 7.00 | 65.00 | 72.00 | OK | 
Version: 1.0
Check: CRAN incoming feasibility
Result: NOTE
  Maintainer: ‘Dan Murphy <chiefmurphy@gmail.com>’
  
  No Authors@R field in DESCRIPTION.
  Please add one, modifying
    Authors@R: person(given = "Dan",
                      family = "Murphy",
                      role = c("aut", "cre"),
                      email = "chiefmurphy@gmail.com")
  as necessary.
Flavors: r-devel-linux-x86_64-debian-clang, r-devel-linux-x86_64-debian-gcc