Last updated on 2025-10-26 00:48:52 CEST.
| Flavor | Version | Tinstall | Tcheck | Ttotal | Status | Flags |
|---|---|---|---|---|---|---|
| r-devel-linux-x86_64-debian-clang | 1.2 | 10.22 | 80.00 | 90.22 | NOTE | |
| r-devel-linux-x86_64-debian-gcc | 1.2 | 7.26 | 60.22 | 67.48 | NOTE | |
| r-devel-linux-x86_64-fedora-clang | 1.2 | 24.00 | 115.15 | 139.15 | OK | |
| r-devel-linux-x86_64-fedora-gcc | 1.2 | 21.00 | 112.23 | 133.23 | OK | |
| r-devel-windows-x86_64 | 1.2 | 10.00 | 87.00 | 97.00 | OK | |
| r-patched-linux-x86_64 | 1.2 | 10.01 | 77.11 | 87.12 | OK | |
| r-release-linux-x86_64 | 1.2 | 9.74 | 77.32 | 87.06 | OK | |
| r-release-macos-arm64 | 1.2 | 5.00 | 38.00 | 43.00 | OK | |
| r-release-macos-x86_64 | 1.2 | 10.00 | 88.00 | 98.00 | OK | |
| r-release-windows-x86_64 | 1.2 | 12.00 | 89.00 | 101.00 | OK | |
| r-oldrel-macos-arm64 | 1.2 | 4.00 | 34.00 | 38.00 | OK | |
| r-oldrel-macos-x86_64 | 1.2 | 7.00 | 53.00 | 60.00 | OK | |
| r-oldrel-windows-x86_64 | 1.2 | 13.00 | 107.00 | 120.00 | OK |
Version: 1.2
Check: CRAN incoming feasibility
Result: NOTE
Maintainer: ‘Denis Larocque <denis.larocque@hec.ca>’
No Authors@R field in DESCRIPTION.
Please add one, modifying
Authors@R: person(given = "Denis",
family = "Larocque",
role = c("aut", "cre"),
email = "denis.larocque@hec.ca")
as necessary.
Flavors: r-devel-linux-x86_64-debian-clang, r-devel-linux-x86_64-debian-gcc