Last updated on 2025-10-26 00:48:52 CEST.
| Flavor | Version | Tinstall | Tcheck | Ttotal | Status | Flags |
|---|---|---|---|---|---|---|
| r-devel-linux-x86_64-debian-clang | 0.1.4 | 5.52 | 34.24 | 39.76 | NOTE | |
| r-devel-linux-x86_64-debian-gcc | 0.1.4 | 3.67 | 25.85 | 29.52 | NOTE | |
| r-devel-linux-x86_64-fedora-clang | 0.1.4 | 14.00 | 46.90 | 60.90 | OK | |
| r-devel-linux-x86_64-fedora-gcc | 0.1.4 | 11.00 | 44.61 | 55.61 | OK | |
| r-devel-windows-x86_64 | 0.1.4 | 5.00 | 50.00 | 55.00 | OK | |
| r-patched-linux-x86_64 | 0.1.4 | 5.45 | 31.40 | 36.85 | OK | |
| r-release-linux-x86_64 | 0.1.4 | 5.30 | 31.78 | 37.08 | OK | |
| r-release-macos-arm64 | 0.1.4 | 2.00 | 18.00 | 20.00 | OK | |
| r-release-macos-x86_64 | 0.1.4 | 8.00 | 51.00 | 59.00 | OK | |
| r-release-windows-x86_64 | 0.1.4 | 6.00 | 52.00 | 58.00 | OK | |
| r-oldrel-macos-arm64 | 0.1.4 | 2.00 | 18.00 | 20.00 | OK | |
| r-oldrel-macos-x86_64 | 0.1.4 | 6.00 | 39.00 | 45.00 | OK | |
| r-oldrel-windows-x86_64 | 0.1.4 | 7.00 | 59.00 | 66.00 | OK |
Version: 0.1.4
Check: CRAN incoming feasibility
Result: NOTE
Maintainer: ‘Hiroto Katsumata <hrt.katsumata@gmail.com>’
The Description field contains
<arXiv:2005.10998>, which improves the inverse probability weighting by
Please refer to arXiv e-prints via their arXiv DOI <doi:10.48550/arXiv.YYMM.NNNNN>.
Flavors: r-devel-linux-x86_64-debian-clang, r-devel-linux-x86_64-debian-gcc