Last updated on 2025-10-26 00:48:52 CEST.
| Flavor | Version | Tinstall | Tcheck | Ttotal | Status | Flags | 
|---|---|---|---|---|---|---|
| r-devel-linux-x86_64-debian-clang | 0.5.0 | 2.52 | 25.91 | 28.43 | NOTE | |
| r-devel-linux-x86_64-debian-gcc | 0.5.0 | 1.81 | 20.68 | 22.49 | NOTE | |
| r-devel-linux-x86_64-fedora-clang | 0.5.0 | 42.73 | OK | |||
| r-devel-linux-x86_64-fedora-gcc | 0.5.0 | 39.87 | OK | |||
| r-devel-windows-x86_64 | 0.5.0 | 4.00 | 46.00 | 50.00 | OK | |
| r-patched-linux-x86_64 | 0.5.0 | 2.54 | 24.58 | 27.12 | OK | |
| r-release-linux-x86_64 | 0.5.0 | 2.31 | 24.44 | 26.75 | OK | |
| r-release-macos-arm64 | 0.5.0 | 1.00 | 15.00 | 16.00 | OK | |
| r-release-macos-x86_64 | 0.5.0 | 2.00 | 27.00 | 29.00 | OK | |
| r-release-windows-x86_64 | 0.5.0 | 4.00 | 47.00 | 51.00 | OK | |
| r-oldrel-macos-arm64 | 0.5.0 | 1.00 | 15.00 | 16.00 | OK | |
| r-oldrel-macos-x86_64 | 0.5.0 | 2.00 | 21.00 | 23.00 | OK | |
| r-oldrel-windows-x86_64 | 0.5.0 | 4.00 | 53.00 | 57.00 | OK | 
Version: 0.5.0
Check: CRAN incoming feasibility
Result: NOTE
  Maintainer: ‘Kyun-Seop Bae <k@acr.kr>’
  
  No Authors@R field in DESCRIPTION.
  Please add one, modifying
    Authors@R: person(given = "Kyun-Seop",
                      family = "Bae",
                      role = c("aut", "cre"),
                      email = "k@acr.kr")
  as necessary.
Flavors: r-devel-linux-x86_64-debian-clang, r-devel-linux-x86_64-debian-gcc