Last updated on 2025-10-26 00:48:52 CEST.
| Flavor | Version | Tinstall | Tcheck | Ttotal | Status | Flags | 
|---|---|---|---|---|---|---|
| r-devel-linux-x86_64-debian-clang | 1.1.0 | 1.86 | 23.74 | 25.60 | NOTE | |
| r-devel-linux-x86_64-debian-gcc | 1.1.0 | 1.63 | 19.60 | 21.23 | NOTE | |
| r-devel-linux-x86_64-fedora-clang | 1.1.0 | 37.63 | OK | |||
| r-devel-linux-x86_64-fedora-gcc | 1.1.0 | 35.38 | OK | |||
| r-devel-windows-x86_64 | 1.1.0 | 4.00 | 42.00 | 46.00 | OK | |
| r-patched-linux-x86_64 | 1.1.0 | 2.13 | 21.81 | 23.94 | OK | |
| r-release-linux-x86_64 | 1.1.0 | 1.82 | 21.78 | 23.60 | OK | |
| r-release-macos-arm64 | 1.1.0 | 1.00 | 18.00 | 19.00 | OK | |
| r-release-macos-x86_64 | 1.1.0 | 2.00 | 27.00 | 29.00 | OK | |
| r-release-windows-x86_64 | 1.1.0 | 3.00 | 44.00 | 47.00 | OK | |
| r-oldrel-macos-arm64 | 1.1.0 | 1.00 | 15.00 | 16.00 | NOTE | |
| r-oldrel-macos-x86_64 | 1.1.0 | 2.00 | 26.00 | 28.00 | NOTE | |
| r-oldrel-windows-x86_64 | 1.1.0 | 4.00 | 47.00 | 51.00 | NOTE | 
Version: 1.1.0
Check: CRAN incoming feasibility
Result: NOTE
  Maintainer: ‘Flavio Santi <flavio.santi@univr.it>’
  
  Package CITATION file contains call(s) to old-style personList() or
  as.personList().  Please use c() on person objects instead.
  Package CITATION file contains call(s) to old-style citEntry().  Please
  use bibentry() instead.
  
  Found the following URLs which should use \doi (with the DOI name only):
    File ‘noisyCE2-package.Rd’:
      https://doi.org/10.1080/10618600.2016.1278003
Flavors: r-devel-linux-x86_64-debian-clang, r-devel-linux-x86_64-debian-gcc
Version: 1.1.0
Check: LazyData
Result: NOTE
    'LazyData' is specified without a 'data' directory
Flavors: r-oldrel-macos-arm64, r-oldrel-macos-x86_64, r-oldrel-windows-x86_64