Last updated on 2025-10-26 13:50:02 CET.
| Flavor | Version | Tinstall | Tcheck | Ttotal | Status | Flags |
|---|---|---|---|---|---|---|
| r-devel-linux-x86_64-debian-clang | 0.10.3 | 2.39 | 20.89 | 23.28 | NOTE | |
| r-devel-linux-x86_64-debian-gcc | 0.10.3 | 1.78 | 18.04 | 19.82 | NOTE | |
| r-devel-linux-x86_64-fedora-clang | 0.10.3 | 34.12 | OK | |||
| r-devel-linux-x86_64-fedora-gcc | 0.10.3 | 32.83 | OK | |||
| r-devel-windows-x86_64 | 0.10.3 | 3.00 | 41.00 | 44.00 | OK | |
| r-patched-linux-x86_64 | 0.10.3 | 2.51 | 20.09 | 22.60 | OK | |
| r-release-linux-x86_64 | 0.10.3 | 2.34 | 20.06 | 22.40 | OK | |
| r-release-macos-arm64 | 0.10.3 | 1.00 | 15.00 | 16.00 | OK | |
| r-release-macos-x86_64 | 0.10.3 | 2.00 | 25.00 | 27.00 | OK | |
| r-release-windows-x86_64 | 0.10.3 | 3.00 | 53.00 | 56.00 | OK | |
| r-oldrel-macos-arm64 | 0.10.3 | 1.00 | 15.00 | 16.00 | OK | |
| r-oldrel-macos-x86_64 | 0.10.3 | 2.00 | 20.00 | 22.00 | OK | |
| r-oldrel-windows-x86_64 | 0.10.3 | 4.00 | 40.00 | 44.00 | OK |
Version: 0.10.3
Check: CRAN incoming feasibility
Result: NOTE
Maintainer: ‘Michael Lawrence <michafla@gene.com>’
No Authors@R field in DESCRIPTION.
Please add one, modifying
Authors@R: c(person(given = "Michael",
family = "Lawrence",
role = c("aut", "cre"),
email = "michafla@gene.com"),
person(given = "Tengfei",
family = "Yin",
role = "aut"))
as necessary.
Flavors: r-devel-linux-x86_64-debian-clang, r-devel-linux-x86_64-debian-gcc