Last updated on 2025-10-28 01:50:41 CET.
| Flavor | Version | Tinstall | Tcheck | Ttotal | Status | Flags |
|---|---|---|---|---|---|---|
| r-devel-linux-x86_64-debian-clang | 0.0.4 | 17.64 | 34.25 | 51.89 | OK | |
| r-devel-linux-x86_64-debian-gcc | 0.0.4 | 12.39 | 26.66 | 39.05 | OK | |
| r-devel-linux-x86_64-fedora-clang | 0.0.4 | 37.00 | 50.17 | 87.17 | OK | |
| r-devel-linux-x86_64-fedora-gcc | 0.0.4 | 34.00 | 61.13 | 95.13 | OK | |
| r-devel-windows-x86_64 | 0.0.4 | 16.00 | 69.00 | 85.00 | OK | |
| r-patched-linux-x86_64 | 0.0.4 | 15.91 | 32.59 | 48.50 | OK | |
| r-release-linux-x86_64 | 0.0.4 | 16.62 | 32.64 | 49.26 | OK | |
| r-release-macos-arm64 | 0.0.4 | 8.00 | 25.00 | 33.00 | OK | |
| r-release-macos-x86_64 | 0.0.4 | 11.00 | 48.00 | 59.00 | OK | |
| r-release-windows-x86_64 | 0.0.4 | 19.00 | 70.00 | 89.00 | OK | |
| r-oldrel-macos-arm64 | 0.0.4 | 7.00 | 25.00 | 32.00 | NOTE | |
| r-oldrel-macos-x86_64 | 0.0.4 | 10.00 | 37.00 | 47.00 | NOTE | |
| r-oldrel-windows-x86_64 | 0.0.4 | 18.00 | 89.00 | 107.00 | NOTE |
Version: 0.0.4
Check: LazyData
Result: NOTE
'LazyData' is specified without a 'data' directory
Flavors: r-oldrel-macos-arm64, r-oldrel-macos-x86_64, r-oldrel-windows-x86_64