Last updated on 2025-10-26 00:48:53 CEST.
| Flavor | Version | Tinstall | Tcheck | Ttotal | Status | Flags |
|---|---|---|---|---|---|---|
| r-devel-linux-x86_64-debian-clang | 0.1.2 | 4.27 | 52.79 | 57.06 | NOTE | |
| r-devel-linux-x86_64-debian-gcc | 0.1.2 | 2.84 | 36.48 | 39.32 | NOTE | |
| r-devel-linux-x86_64-fedora-clang | 0.1.2 | 86.82 | OK | |||
| r-devel-linux-x86_64-fedora-gcc | 0.1.2 | 85.07 | OK | |||
| r-devel-windows-x86_64 | 0.1.2 | 6.00 | 74.00 | 80.00 | OK | |
| r-patched-linux-x86_64 | 0.1.2 | 3.81 | 50.28 | 54.09 | OK | |
| r-release-linux-x86_64 | 0.1.2 | 3.20 | 50.16 | 53.36 | OK | |
| r-release-macos-arm64 | 0.1.2 | 2.00 | 28.00 | 30.00 | OK | |
| r-release-macos-x86_64 | 0.1.2 | 4.00 | 50.00 | 54.00 | OK | |
| r-release-windows-x86_64 | 0.1.2 | 6.00 | 164.00 | 170.00 | OK | |
| r-oldrel-macos-arm64 | 0.1.2 | 2.00 | 25.00 | 27.00 | OK | |
| r-oldrel-macos-x86_64 | 0.1.2 | 3.00 | 39.00 | 42.00 | OK | |
| r-oldrel-windows-x86_64 | 0.1.2 | 7.00 | 88.00 | 95.00 | OK |
Version: 0.1.2
Check: CRAN incoming feasibility
Result: NOTE
Maintainer: ‘Sizhong Yang <yanglzu@163.com>’
No Authors@R field in DESCRIPTION.
Please add one, modifying
Authors@R: person(given = "Sizhong",
family = "Yang",
role = c("aut", "cre"),
email = "yanglzu@163.com")
as necessary.
Flavors: r-devel-linux-x86_64-debian-clang, r-devel-linux-x86_64-debian-gcc