Last updated on 2025-10-26 00:48:54 CEST.
| Flavor | Version | Tinstall | Tcheck | Ttotal | Status | Flags | 
|---|---|---|---|---|---|---|
| r-devel-linux-x86_64-debian-clang | 1.0.9 | 9.74 | 69.63 | 79.37 | NOTE | |
| r-devel-linux-x86_64-debian-gcc | 1.0.9 | 6.53 | 47.89 | 54.42 | NOTE | |
| r-devel-linux-x86_64-fedora-clang | 1.0.9 | 22.00 | 94.94 | 116.94 | OK | |
| r-devel-linux-x86_64-fedora-gcc | 1.0.9 | 22.00 | 96.02 | 118.02 | OK | |
| r-devel-windows-x86_64 | 1.0.9 | 13.00 | 76.00 | 89.00 | OK | |
| r-patched-linux-x86_64 | 1.0.9 | 9.76 | 65.37 | 75.13 | OK | |
| r-release-linux-x86_64 | 1.0.9 | 9.56 | 65.98 | 75.54 | OK | |
| r-release-macos-arm64 | 1.0.9 | 4.00 | 27.00 | 31.00 | OK | |
| r-release-macos-x86_64 | 1.0.9 | 8.00 | 47.00 | 55.00 | OK | |
| r-release-windows-x86_64 | 1.0.9 | 12.00 | 78.00 | 90.00 | OK | |
| r-oldrel-macos-arm64 | 1.0.9 | 4.00 | 24.00 | 28.00 | OK | |
| r-oldrel-macos-x86_64 | 1.0.9 | 7.00 | 39.00 | 46.00 | OK | |
| r-oldrel-windows-x86_64 | 1.0.9 | 16.00 | 95.00 | 111.00 | OK | 
Version: 1.0.9
Check: CRAN incoming feasibility
Result: NOTE
  Maintainer: ‘Jun Yin <vivien.jyin@gmail.com>’
  
  No Authors@R field in DESCRIPTION.
  Please add one, modifying
    Authors@R: c(person(given = "Jun",
                        family = "Yin",
                        role = c("aut", "cre"),
                        email = "vivien.jyin@gmail.com"),
                 person(given = "Yu",
                        family = "Du",
                        role = "aut"),
                 person(given = "Sumithra",
                        family = "Mandrekar",
                        role = "aut"))
  as necessary.
Flavors: r-devel-linux-x86_64-debian-clang, r-devel-linux-x86_64-debian-gcc