Last updated on 2025-10-26 00:48:54 CEST.
| Flavor | Version | Tinstall | Tcheck | Ttotal | Status | Flags | 
|---|---|---|---|---|---|---|
| r-devel-linux-x86_64-debian-clang | 0.1.3 | 5.71 | 43.36 | 49.07 | NOTE | |
| r-devel-linux-x86_64-debian-gcc | 0.1.3 | 3.57 | 31.91 | 35.48 | NOTE | |
| r-devel-linux-x86_64-fedora-clang | 0.1.3 | 11.00 | 62.19 | 73.19 | OK | |
| r-devel-linux-x86_64-fedora-gcc | 0.1.3 | 15.00 | 55.07 | 70.07 | OK | |
| r-devel-windows-x86_64 | 0.1.3 | 6.00 | 65.00 | 71.00 | OK | |
| r-patched-linux-x86_64 | 0.1.3 | 6.05 | 40.47 | 46.52 | OK | |
| r-release-linux-x86_64 | 0.1.3 | 5.36 | 40.36 | 45.72 | OK | |
| r-release-macos-arm64 | 0.1.3 | 2.00 | 25.00 | 27.00 | OK | |
| r-release-macos-x86_64 | 0.1.3 | 5.00 | 37.00 | 42.00 | OK | |
| r-release-windows-x86_64 | 0.1.3 | 7.00 | 66.00 | 73.00 | OK | |
| r-oldrel-macos-arm64 | 0.1.3 | 2.00 | 21.00 | 23.00 | OK | |
| r-oldrel-macos-x86_64 | 0.1.3 | 4.00 | 33.00 | 37.00 | OK | |
| r-oldrel-windows-x86_64 | 0.1.3 | 8.00 | 75.00 | 83.00 | OK | 
Version: 0.1.3
Check: CRAN incoming feasibility
Result: NOTE
  Maintainer: ‘Kyun-Seop Bae <k@acr.kr>’
  
  No Authors@R field in DESCRIPTION.
  Please add one, modifying
    Authors@R: c(person(given = "Kyun-Seop",
                        family = "Bae",
                        role = c("aut", "cre"),
                        email = "k@acr.kr"),
                 person(given = c("Jee", "Eun"),
                        family = "Lee",
                        role = "aut"))
  as necessary.
Flavors: r-devel-linux-x86_64-debian-clang, r-devel-linux-x86_64-debian-gcc