Last updated on 2025-10-26 00:48:54 CEST.
| Flavor | Version | Tinstall | Tcheck | Ttotal | Status | Flags | 
|---|---|---|---|---|---|---|
| r-devel-linux-x86_64-debian-clang | 1.1-12 | 7.10 | 32.54 | 39.64 | NOTE | |
| r-devel-linux-x86_64-debian-gcc | 1.1-12 | 4.94 | 24.88 | 29.82 | NOTE | |
| r-devel-linux-x86_64-fedora-clang | 1.1-12 | 16.00 | 42.39 | 58.39 | OK | |
| r-devel-linux-x86_64-fedora-gcc | 1.1-12 | 16.00 | 39.93 | 55.93 | OK | |
| r-devel-windows-x86_64 | 1.1-12 | 13.00 | 54.00 | 67.00 | OK | |
| r-patched-linux-x86_64 | 1.1-12 | 6.63 | 31.23 | 37.86 | NOTE | |
| r-release-linux-x86_64 | 1.1-12 | 6.33 | 30.96 | 37.29 | NOTE | |
| r-release-macos-arm64 | 1.1-12 | 5.00 | 20.00 | 25.00 | OK | |
| r-release-macos-x86_64 | 1.1-12 | 9.00 | 45.00 | 54.00 | OK | |
| r-release-windows-x86_64 | 1.1-12 | 14.00 | 59.00 | 73.00 | OK | |
| r-oldrel-macos-arm64 | 1.1-12 | 5.00 | 17.00 | 22.00 | OK | |
| r-oldrel-macos-x86_64 | 1.1-12 | 7.00 | 25.00 | 32.00 | OK | |
| r-oldrel-windows-x86_64 | 1.1-12 | 15.00 | 62.00 | 77.00 | OK | 
Version: 1.1-12
Check: CRAN incoming feasibility
Result: NOTE
  Maintainer: ‘Robert B. Gramacy <rbg@vt.edu>’
  
  No Authors@R field in DESCRIPTION.
  Please add one, modifying
    Authors@R: person(given = c("Robert", "B."),
                      family = "Gramacy",
                      role = c("aut", "cre"),
                      email = "rbg@vt.edu")
  as necessary.
  
  The Description field contains
    (PL) following Gramacy & Polson (2011) <arXiv:0909.5262>.  The
  Please refer to arXiv e-prints via their arXiv DOI <doi:10.48550/arXiv.YYMM.NNNNN>.
Flavors: r-devel-linux-x86_64-debian-clang, r-devel-linux-x86_64-debian-gcc
Version: 1.1-12
Check: for unstated dependencies in ‘demo’
Result: NOTE
  'library' or 'require' call not declared from: ‘MASS’
Flavors: r-devel-linux-x86_64-debian-clang, r-devel-linux-x86_64-debian-gcc, r-patched-linux-x86_64, r-release-linux-x86_64