Last updated on 2025-10-26 13:50:04 CET.
| Flavor | Version | Tinstall | Tcheck | Ttotal | Status | Flags | 
|---|---|---|---|---|---|---|
| r-devel-linux-x86_64-debian-clang | 0.2.1 | 2.54 | 21.19 | 23.73 | NOTE | |
| r-devel-linux-x86_64-debian-gcc | 0.2.1 | 1.99 | 17.03 | 19.02 | NOTE | |
| r-devel-linux-x86_64-fedora-clang | 0.2.1 | 34.54 | NOTE | |||
| r-devel-linux-x86_64-fedora-gcc | 0.2.1 | 33.95 | NOTE | |||
| r-devel-windows-x86_64 | 0.2.1 | 3.00 | 39.00 | 42.00 | NOTE | |
| r-patched-linux-x86_64 | 0.2.1 | 2.48 | 20.01 | 22.49 | NOTE | |
| r-release-linux-x86_64 | 0.2.1 | 2.46 | 19.85 | 22.31 | NOTE | |
| r-release-macos-arm64 | 0.2.1 | 1.00 | 15.00 | 16.00 | NOTE | |
| r-release-macos-x86_64 | 0.2.1 | 2.00 | 22.00 | 24.00 | NOTE | |
| r-release-windows-x86_64 | 0.2.1 | 3.00 | 40.00 | 43.00 | NOTE | |
| r-oldrel-macos-arm64 | 0.2.1 | 1.00 | 13.00 | 14.00 | NOTE | |
| r-oldrel-macos-x86_64 | 0.2.1 | 2.00 | 19.00 | 21.00 | NOTE | |
| r-oldrel-windows-x86_64 | 0.2.1 | 4.00 | 44.00 | 48.00 | NOTE | 
Version: 0.2.1
Check: Rd files
Result: NOTE
  checkRd: (-1) pmledecon.Rd:113: Lost braces; missing escapes or markup?
     113 |     likelihood less than $10^{-10}$ are replaced by $10^{-10}$.
         |                              ^
  checkRd: (-1) pmledecon.Rd:113: Lost braces; missing escapes or markup?
     113 |     likelihood less than $10^{-10}$ are replaced by $10^{-10}$.
         |                                                         ^
Flavors: r-devel-linux-x86_64-debian-clang, r-devel-linux-x86_64-debian-gcc, r-devel-linux-x86_64-fedora-clang, r-devel-linux-x86_64-fedora-gcc, r-devel-windows-x86_64, r-patched-linux-x86_64, r-release-linux-x86_64, r-release-macos-arm64, r-release-macos-x86_64, r-release-windows-x86_64, r-oldrel-macos-arm64, r-oldrel-macos-x86_64, r-oldrel-windows-x86_64