Last updated on 2025-10-28 01:50:44 CET.
| Flavor | Version | Tinstall | Tcheck | Ttotal | Status | Flags |
|---|---|---|---|---|---|---|
| r-devel-linux-x86_64-debian-clang | 0.2.1 | 1.78 | 28.29 | 30.07 | OK | |
| r-devel-linux-x86_64-debian-gcc | 0.2.1 | 1.43 | 22.21 | 23.64 | OK | |
| r-devel-linux-x86_64-fedora-clang | 0.2.1 | 44.48 | OK | |||
| r-devel-linux-x86_64-fedora-gcc | 0.2.1 | 44.28 | OK | |||
| r-devel-windows-x86_64 | 0.2.1 | 2.00 | 44.00 | 46.00 | OK | |
| r-patched-linux-x86_64 | 0.2.1 | 1.70 | 25.45 | 27.15 | OK | |
| r-release-linux-x86_64 | 0.2.1 | 1.73 | 25.85 | 27.58 | OK | |
| r-release-macos-arm64 | 0.2.1 | 1.00 | 18.00 | 19.00 | OK | |
| r-release-macos-x86_64 | 0.2.1 | 2.00 | 41.00 | 43.00 | OK | |
| r-release-windows-x86_64 | 0.2.1 | 4.00 | 53.00 | 57.00 | OK | |
| r-oldrel-macos-arm64 | 0.2.1 | 1.00 | 19.00 | 20.00 | NOTE | |
| r-oldrel-macos-x86_64 | 0.2.1 | 2.00 | 25.00 | 27.00 | NOTE | |
| r-oldrel-windows-x86_64 | 0.2.1 | 3.00 | 53.00 | 56.00 | NOTE |
Version: 0.2.1
Check: LazyData
Result: NOTE
'LazyData' is specified without a 'data' directory
Flavors: r-oldrel-macos-arm64, r-oldrel-macos-x86_64, r-oldrel-windows-x86_64