Last updated on 2025-10-26 00:48:55 CEST.
| Flavor | Version | Tinstall | Tcheck | Ttotal | Status | Flags | 
|---|---|---|---|---|---|---|
| r-devel-linux-x86_64-debian-clang | 1.1 | 7.04 | 58.76 | 65.80 | NOTE | |
| r-devel-linux-x86_64-debian-gcc | 1.1 | 5.05 | 45.61 | 50.66 | NOTE | |
| r-devel-linux-x86_64-fedora-clang | 1.1 | 14.00 | 85.49 | 99.49 | OK | |
| r-devel-linux-x86_64-fedora-gcc | 1.1 | 28.00 | 69.71 | 97.71 | OK | |
| r-devel-windows-x86_64 | 1.1 | 8.00 | 68.00 | 76.00 | OK | |
| r-patched-linux-x86_64 | 1.1 | 6.82 | 56.18 | 63.00 | OK | |
| r-release-linux-x86_64 | 1.1 | 5.42 | 56.26 | 61.68 | OK | |
| r-release-macos-arm64 | 1.1 | 4.00 | 38.00 | 42.00 | OK | |
| r-release-macos-x86_64 | 1.1 | 9.00 | 49.00 | 58.00 | OK | |
| r-release-windows-x86_64 | 1.1 | 7.00 | 69.00 | 76.00 | OK | |
| r-oldrel-macos-arm64 | 1.1 | 3.00 | 28.00 | 31.00 | OK | |
| r-oldrel-macos-x86_64 | 1.1 | 5.00 | 40.00 | 45.00 | OK | |
| r-oldrel-windows-x86_64 | 1.1 | 9.00 | 80.00 | 89.00 | OK | 
Version: 1.1
Check: CRAN incoming feasibility
Result: NOTE
  Maintainer: ‘Abdelmoneim Amer Desouki <desouki@hhu.de>’
  
  No Authors@R field in DESCRIPTION.
  Please add one, modifying
    Authors@R: person(given = c("Abdelmoneim", "Amer"),
                      family = "Desouki",
                      role = c("aut", "cre"),
                      email = "desouki@hhu.de")
  as necessary.
  
  The Description field contains
    Desouki, M. Roeder, A. Ngonga (2019) <arXiv:1903.10326>.
  Please refer to arXiv e-prints via their arXiv DOI <doi:10.48550/arXiv.YYMM.NNNNN>.
Flavors: r-devel-linux-x86_64-debian-clang, r-devel-linux-x86_64-debian-gcc