Last updated on 2025-10-26 13:50:06 CET.
| Flavor | Version | Tinstall | Tcheck | Ttotal | Status | Flags |
|---|---|---|---|---|---|---|
| r-devel-linux-x86_64-debian-clang | 1.0.4 | 7.76 | 72.35 | 80.11 | NOTE | |
| r-devel-linux-x86_64-debian-gcc | 1.0.4 | 5.05 | 50.08 | 55.13 | NOTE | |
| r-devel-linux-x86_64-fedora-clang | 1.0.4 | 20.00 | 102.87 | 122.87 | NOTE | |
| r-devel-linux-x86_64-fedora-gcc | 1.0.4 | 35.00 | 104.76 | 139.76 | NOTE | |
| r-devel-windows-x86_64 | 1.0.4 | 10.00 | 102.00 | 112.00 | NOTE | |
| r-patched-linux-x86_64 | 1.0.4 | 7.13 | 67.76 | 74.89 | NOTE | |
| r-release-linux-x86_64 | 1.0.4 | 8.21 | 67.11 | 75.32 | NOTE | |
| r-release-macos-arm64 | 1.0.4 | 3.00 | 38.00 | 41.00 | NOTE | |
| r-release-macos-x86_64 | 1.0.4 | 7.00 | 72.00 | 79.00 | NOTE | |
| r-release-windows-x86_64 | 1.0.4 | 11.00 | 106.00 | 117.00 | NOTE | |
| r-oldrel-macos-arm64 | 1.0.4 | 3.00 | 35.00 | 38.00 | NOTE | |
| r-oldrel-macos-x86_64 | 1.0.4 | 5.00 | 56.00 | 61.00 | NOTE | |
| r-oldrel-windows-x86_64 | 1.0.4 | 13.00 | 118.00 | 131.00 | NOTE |
Version: 1.0.4
Check: Rd files
Result: NOTE
checkRd: (-1) rec.Rd:23: Escaped LaTeX specials: \$
Flavors: r-devel-linux-x86_64-debian-clang, r-devel-linux-x86_64-debian-gcc, r-devel-linux-x86_64-fedora-clang, r-devel-linux-x86_64-fedora-gcc, r-devel-windows-x86_64, r-patched-linux-x86_64, r-release-linux-x86_64, r-release-macos-arm64, r-release-macos-x86_64, r-release-windows-x86_64, r-oldrel-macos-arm64, r-oldrel-macos-x86_64, r-oldrel-windows-x86_64