Last updated on 2025-10-26 13:50:06 CET.
| Flavor | Version | Tinstall | Tcheck | Ttotal | Status | Flags |
|---|---|---|---|---|---|---|
| r-devel-linux-x86_64-debian-clang | 0.2.1 | 69.00 | 40.57 | 109.57 | OK | |
| r-devel-linux-x86_64-debian-gcc | 0.2.1 | 72.86 | 30.58 | 103.44 | OK | |
| r-devel-linux-x86_64-fedora-clang | 0.2.1 | 111.00 | 57.49 | 168.49 | OK | |
| r-devel-linux-x86_64-fedora-gcc | 0.2.1 | 442.00 | -189.01 | 252.99 | OK | |
| r-devel-windows-x86_64 | 0.2.1 | 77.00 | 88.00 | 165.00 | OK | |
| r-patched-linux-x86_64 | 0.2.1 | 91.14 | 37.97 | 129.11 | OK | |
| r-release-linux-x86_64 | 0.2.1 | 93.40 | 37.85 | 131.25 | OK | |
| r-release-macos-arm64 | 0.2.1 | 28.00 | 20.00 | 48.00 | OK | |
| r-release-macos-x86_64 | 0.2.1 | 97.00 | 51.00 | 148.00 | OK | |
| r-release-windows-x86_64 | 0.2.1 | 90.00 | 101.00 | 191.00 | OK | |
| r-oldrel-macos-arm64 | 0.2.1 | 25.00 | 24.00 | 49.00 | NOTE | |
| r-oldrel-macos-x86_64 | 0.2.1 | 63.00 | 33.00 | 96.00 | NOTE | |
| r-oldrel-windows-x86_64 | 0.2.1 | 94.00 | 110.00 | 204.00 | NOTE |
Version: 0.2.1
Check: installed package size
Result: NOTE
installed size is 19.2Mb
sub-directories of 1Mb or more:
lemon 2.8Mb
libs 16.1Mb
Flavors: r-oldrel-macos-arm64, r-oldrel-macos-x86_64, r-oldrel-windows-x86_64