Last updated on 2025-10-26 00:48:56 CEST.
| Flavor | Version | Tinstall | Tcheck | Ttotal | Status | Flags | 
|---|---|---|---|---|---|---|
| r-devel-linux-x86_64-debian-clang | 0.8.7 | 120.89 | 31.77 | 152.66 | NOTE | |
| r-devel-linux-x86_64-debian-gcc | 0.8.7 | 113.71 | 25.36 | 139.07 | NOTE | |
| r-devel-linux-x86_64-fedora-clang | 0.8.7 | 233.00 | 63.89 | 296.89 | NOTE | |
| r-devel-linux-x86_64-fedora-gcc | 0.8.7 | 451.00 | -69.37 | 381.63 | NOTE | |
| r-devel-windows-x86_64 | 0.8.7 | 157.00 | 78.00 | 235.00 | NOTE | |
| r-patched-linux-x86_64 | 0.8.7 | 157.61 | 30.34 | 187.95 | NOTE | |
| r-release-linux-x86_64 | 0.8.7 | 157.54 | 30.29 | 187.83 | NOTE | |
| r-release-macos-arm64 | 0.8.7 | 63.00 | 23.00 | 86.00 | NOTE | |
| r-release-macos-x86_64 | 0.8.7 | 50.00 | 32.00 | 82.00 | NOTE | |
| r-release-windows-x86_64 | 0.8.7 | 158.00 | 89.00 | 247.00 | NOTE | |
| r-oldrel-macos-arm64 | 0.8.7 | 55.00 | 18.00 | 73.00 | NOTE | |
| r-oldrel-macos-x86_64 | 0.8.7 | 42.00 | 26.00 | 68.00 | NOTE | |
| r-oldrel-windows-x86_64 | 0.8.7 | 191.00 | 101.00 | 292.00 | NOTE | 
Version: 0.8.7
Check: Rd files
Result: NOTE
  checkRd: (-1) rncl.Rd:53-55: Lost braces in \itemize; \value handles \item{}{} directly
  checkRd: (-1) rncl.Rd:57: Lost braces in \itemize; \value handles \item{}{} directly
  checkRd: (-1) rncl.Rd:59-63: Lost braces in \itemize; \value handles \item{}{} directly
  checkRd: (-1) rncl.Rd:65-71: Lost braces in \itemize; \value handles \item{}{} directly
  checkRd: (-1) rncl.Rd:73-78: Lost braces in \itemize; \value handles \item{}{} directly
  checkRd: (-1) rncl.Rd:80-84: Lost braces in \itemize; \value handles \item{}{} directly
  checkRd: (-1) rncl.Rd:86-90: Lost braces in \itemize; \value handles \item{}{} directly
  checkRd: (-1) rncl.Rd:92-93: Lost braces in \itemize; \value handles \item{}{} directly
  checkRd: (-1) rncl.Rd:95-96: Lost braces in \itemize; \value handles \item{}{} directly
  checkRd: (-1) rncl.Rd:98-99: Lost braces in \itemize; \value handles \item{}{} directly
  checkRd: (-1) rncl.Rd:101-102: Lost braces in \itemize; \value handles \item{}{} directly
  checkRd: (-1) rncl.Rd:104-105: Lost braces in \itemize; \value handles \item{}{} directly
  checkRd: (-1) rncl.Rd:107-110: Lost braces in \itemize; \value handles \item{}{} directly
  checkRd: (-1) rncl.Rd:112-115: Lost braces in \itemize; \value handles \item{}{} directly
  checkRd: (-1) rncl.Rd:117-119: Lost braces in \itemize; \value handles \item{}{} directly
  checkRd: (-1) rncl.Rd:121-124: Lost braces in \itemize; \value handles \item{}{} directly
Flavors: r-devel-linux-x86_64-debian-clang, r-devel-linux-x86_64-debian-gcc, r-devel-linux-x86_64-fedora-clang, r-devel-linux-x86_64-fedora-gcc, r-devel-windows-x86_64, r-patched-linux-x86_64, r-release-linux-x86_64, r-release-macos-arm64, r-release-macos-x86_64, r-release-windows-x86_64, r-oldrel-macos-arm64, r-oldrel-macos-x86_64, r-oldrel-windows-x86_64
Version: 0.8.7
Check: installed package size
Result: NOTE
    installed size is 18.7Mb
    sub-directories of 1Mb or more:
      libs  18.5Mb
Flavors: r-oldrel-macos-arm64, r-oldrel-macos-x86_64