CRAN Package Check Results for Package sdwd

Last updated on 2025-10-26 00:48:58 CEST.

Flavor Version Tinstall Tcheck Ttotal Status Flags
r-devel-linux-x86_64-debian-clang 1.0.5 8.49 57.77 66.26 NOTE
r-devel-linux-x86_64-debian-gcc 1.0.5 5.86 43.92 49.78 NOTE
r-devel-linux-x86_64-fedora-clang 1.0.5 17.00 81.07 98.07 OK
r-devel-linux-x86_64-fedora-gcc 1.0.5 20.00 74.17 94.17 OK
r-devel-windows-x86_64 1.0.5 10.00 69.00 79.00 OK
r-patched-linux-x86_64 1.0.5 8.44 55.58 64.02 OK
r-release-linux-x86_64 1.0.5 6.70 55.44 62.14 OK
r-release-macos-arm64 1.0.5 8.00 34.00 42.00 OK
r-release-macos-x86_64 1.0.5 8.00 49.00 57.00 OK
r-release-windows-x86_64 1.0.5 11.00 72.00 83.00 OK
r-oldrel-macos-arm64 1.0.5 5.00 28.00 33.00 OK
r-oldrel-macos-x86_64 1.0.5 7.00 39.00 46.00 OK
r-oldrel-windows-x86_64 1.0.5 13.00 87.00 100.00 OK

Check Details

Version: 1.0.5
Check: CRAN incoming feasibility
Result: NOTE Maintainer: ‘Boxiang Wang <boxiang-wang@uiowa.edu>’ No Authors@R field in DESCRIPTION. Please add one, modifying Authors@R: c(person(given = "Boxiang", family = "Wang", role = c("aut", "cre"), email = "boxiang-wang@uiowa.edu"), person(given = "Hui", family = "Zou", role = "aut")) as necessary. Flavors: r-devel-linux-x86_64-debian-clang, r-devel-linux-x86_64-debian-gcc