CRAN Package Check Results for Package setartree

Last updated on 2025-10-26 13:50:08 CET.

Flavor Version Tinstall Tcheck Ttotal Status Flags
r-devel-linux-x86_64-debian-clang 0.2.1 3.15 26.93 30.08 NOTE
r-devel-linux-x86_64-debian-gcc 0.2.1 2.32 21.10 23.42 NOTE
r-devel-linux-x86_64-fedora-clang 0.2.1 45.71 OK
r-devel-linux-x86_64-fedora-gcc 0.2.1 44.46 OK
r-devel-windows-x86_64 0.2.1 4.00 44.00 48.00 OK
r-patched-linux-x86_64 0.2.1 3.36 25.56 28.92 OK
r-release-linux-x86_64 0.2.1 2.78 25.27 28.05 OK
r-release-macos-arm64 0.2.1 2.00 17.00 19.00 OK
r-release-macos-x86_64 0.2.1 2.00 31.00 33.00 OK
r-release-windows-x86_64 0.2.1 4.00 45.00 49.00 OK
r-oldrel-macos-arm64 0.2.1 1.00 18.00 19.00 OK
r-oldrel-macos-x86_64 0.2.1 3.00 22.00 25.00 OK
r-oldrel-windows-x86_64 0.2.1 4.00 54.00 58.00 OK

Check Details

Version: 0.2.1
Check: CRAN incoming feasibility
Result: NOTE Maintainer: ‘Rakshitha Godahewa <rakshithagw@gmail.com>’ The Description field contains in Godahewa et al. (2022) <arXiv:2211.08661v1>. The model uses the Please refer to arXiv e-prints via their arXiv DOI <doi:10.48550/arXiv.YYMM.NNNNN>. Flavors: r-devel-linux-x86_64-debian-clang, r-devel-linux-x86_64-debian-gcc