Last updated on 2025-10-26 00:48:58 CEST.
| Flavor | Version | Tinstall | Tcheck | Ttotal | Status | Flags | 
|---|---|---|---|---|---|---|
| r-devel-linux-x86_64-debian-clang | 1.2.6 | 10.78 | 65.59 | 76.37 | NOTE | |
| r-devel-linux-x86_64-debian-gcc | 1.2.6 | 7.00 | 48.65 | 55.65 | NOTE | |
| r-devel-linux-x86_64-fedora-clang | 1.2.6 | 23.00 | 92.52 | 115.52 | OK | |
| r-devel-linux-x86_64-fedora-gcc | 1.2.6 | 26.00 | 84.00 | 110.00 | OK | |
| r-devel-windows-x86_64 | 1.2.6 | 15.00 | 77.00 | 92.00 | OK | |
| r-patched-linux-x86_64 | 1.2.6 | 8.94 | 63.42 | 72.36 | OK | |
| r-release-linux-x86_64 | 1.2.6 | 9.19 | 62.24 | 71.43 | OK | |
| r-release-macos-arm64 | 1.2.6 | 6.00 | 34.00 | 40.00 | OK | |
| r-release-macos-x86_64 | 1.2.6 | 10.00 | 63.00 | 73.00 | OK | |
| r-release-windows-x86_64 | 1.2.6 | 16.00 | 80.00 | 96.00 | OK | |
| r-oldrel-macos-arm64 | 1.2.6 | 7.00 | 27.00 | 34.00 | OK | |
| r-oldrel-macos-x86_64 | 1.2.6 | 8.00 | 46.00 | 54.00 | OK | |
| r-oldrel-windows-x86_64 | 1.2.6 | 21.00 | 97.00 | 118.00 | OK | 
Version: 1.2.6
Check: CRAN incoming feasibility
Result: NOTE
  Maintainer: ‘Luigi Augugliaro <luigi.augugliaro@unipa.it>’
  
  No Authors@R field in DESCRIPTION.
  Please add one, modifying
    Authors@R: person(given = "Luigi",
                      family = "Augugliaro",
                      role = c("aut", "cre"),
                      email = "luigi.augugliaro@unipa.it")
  as necessary.
Flavors: r-devel-linux-x86_64-debian-clang, r-devel-linux-x86_64-debian-gcc