Last updated on 2025-10-26 00:48:59 CEST.
| Flavor | Version | Tinstall | Tcheck | Ttotal | Status | Flags |
|---|---|---|---|---|---|---|
| r-devel-linux-x86_64-debian-clang | 1.0-13 | 5.67 | 74.50 | 80.17 | OK | |
| r-devel-linux-x86_64-debian-gcc | 1.0-13 | 3.87 | 58.40 | 62.27 | OK | |
| r-devel-linux-x86_64-fedora-clang | 1.0-13 | 12.00 | 110.93 | 122.93 | OK | |
| r-devel-linux-x86_64-fedora-gcc | 1.0-13 | 12.00 | 105.68 | 117.68 | OK | |
| r-devel-windows-x86_64 | 1.0-13 | 6.00 | 104.00 | 110.00 | OK | |
| r-patched-linux-x86_64 | 1.0-13 | 5.23 | 72.32 | 77.55 | OK | |
| r-release-linux-x86_64 | 1.0-13 | 5.40 | 72.08 | 77.48 | OK | |
| r-release-macos-arm64 | 1.0-13 | 3.00 | 61.00 | 64.00 | OK | |
| r-release-macos-x86_64 | 1.0-13 | 4.00 | 102.00 | 106.00 | OK | |
| r-release-windows-x86_64 | 1.0-13 | 7.00 | 105.00 | 112.00 | OK | |
| r-oldrel-macos-arm64 | 1.0-13 | 2.00 | 64.00 | 66.00 | NOTE | |
| r-oldrel-macos-x86_64 | 1.0-13 | 5.00 | 100.00 | 105.00 | NOTE | |
| r-oldrel-windows-x86_64 | 1.0-13 | 7.00 | 130.00 | 137.00 | OK |
Version: 1.0-13
Check: package dependencies
Result: NOTE
Package suggested but not available for checking: ‘Rmpi’
Flavors: r-oldrel-macos-arm64, r-oldrel-macos-x86_64
Version: 1.0-13
Check: Rd cross-references
Result: NOTE
Package unavailable to check Rd xrefs: ‘Rmpi’
Flavors: r-oldrel-macos-arm64, r-oldrel-macos-x86_64