Last updated on 2025-10-26 00:48:59 CEST.
| Flavor | Version | Tinstall | Tcheck | Ttotal | Status | Flags | 
|---|---|---|---|---|---|---|
| r-devel-linux-x86_64-debian-clang | 1.6 | 5.35 | 59.02 | 64.37 | NOTE | |
| r-devel-linux-x86_64-debian-gcc | 1.6 | 4.65 | 44.94 | 49.59 | NOTE | |
| r-devel-linux-x86_64-fedora-clang | 1.6 | 31.00 | 77.02 | 108.02 | OK | |
| r-devel-linux-x86_64-fedora-gcc | 1.6 | 13.00 | 88.05 | 101.05 | OK | |
| r-devel-windows-x86_64 | 1.6 | 7.00 | 75.00 | 82.00 | OK | |
| r-patched-linux-x86_64 | 1.6 | 6.00 | 57.43 | 63.43 | OK | |
| r-release-linux-x86_64 | 1.6 | 6.31 | 57.30 | 63.61 | OK | |
| r-release-macos-arm64 | 1.6 | 3.00 | 32.00 | 35.00 | OK | |
| r-release-macos-x86_64 | 1.6 | 6.00 | 61.00 | 67.00 | OK | |
| r-release-windows-x86_64 | 1.6 | 7.00 | 74.00 | 81.00 | OK | |
| r-oldrel-macos-arm64 | 1.6 | 4.00 | 32.00 | 36.00 | OK | |
| r-oldrel-macos-x86_64 | 1.6 | 4.00 | 45.00 | 49.00 | OK | |
| r-oldrel-windows-x86_64 | 1.6 | 9.00 | 88.00 | 97.00 | OK | 
Version: 1.6
Check: CRAN incoming feasibility
Result: NOTE
  Maintainer: ‘Georg Hahn <ghahn@hsph.harvard.edu>’
  
  No Authors@R field in DESCRIPTION.
  Please add one, modifying
    Authors@R: c(person(given = "Georg",
                        family = "Hahn",
                        role = c("aut", "cre"),
                        email = "ghahn@hsph.harvard.edu"),
                 person(given = c("Sharon", "M."),
                        family = "Lutz",
                        role = "ctb"),
                 person(given = "Nilanjana",
                        family = "Laha",
                        role = "ctb"),
                 person(given = "Christoph",
                        family = "Lange",
                        role = "ctb"))
  as necessary.
Flavors: r-devel-linux-x86_64-debian-clang, r-devel-linux-x86_64-debian-gcc