Last updated on 2025-10-26 00:49:00 CEST.
| Flavor | Version | Tinstall | Tcheck | Ttotal | Status | Flags | 
|---|---|---|---|---|---|---|
| r-devel-linux-x86_64-debian-clang | 1.2 | 7.54 | 61.95 | 69.49 | NOTE | |
| r-devel-linux-x86_64-debian-gcc | 1.2 | 5.32 | 47.51 | 52.83 | NOTE | |
| r-devel-linux-x86_64-fedora-clang | 1.2 | 15.00 | 87.79 | 102.79 | OK | |
| r-devel-linux-x86_64-fedora-gcc | 1.2 | 15.00 | 84.60 | 99.60 | OK | |
| r-devel-windows-x86_64 | 1.2 | 8.00 | 68.00 | 76.00 | OK | |
| r-patched-linux-x86_64 | 1.2 | 6.53 | 59.36 | 65.89 | OK | |
| r-release-linux-x86_64 | 1.2 | 7.26 | 60.15 | 67.41 | OK | |
| r-release-macos-arm64 | 1.2 | 4.00 | 33.00 | 37.00 | OK | |
| r-release-macos-x86_64 | 1.2 | 7.00 | 56.00 | 63.00 | OK | |
| r-release-windows-x86_64 | 1.2 | 9.00 | 70.00 | 79.00 | OK | |
| r-oldrel-macos-arm64 | 1.2 | 4.00 | 28.00 | 32.00 | OK | |
| r-oldrel-macos-x86_64 | 1.2 | 5.00 | 42.00 | 47.00 | OK | |
| r-oldrel-windows-x86_64 | 1.2 | 11.00 | 86.00 | 97.00 | OK | 
Version: 1.2
Check: CRAN incoming feasibility
Result: NOTE
  Maintainer: ‘Christiana Kartsonaki <christiana.kartsonaki@gmail.com>’
  
  No Authors@R field in DESCRIPTION.
  Please add one, modifying
    Authors@R: person(given = "Christiana",
                      family = "Kartsonaki",
                      role = c("aut", "cre"),
                      email = "christiana.kartsonaki@gmail.com")
  as necessary.
Flavors: r-devel-linux-x86_64-debian-clang, r-devel-linux-x86_64-debian-gcc